{"id":11480,"date":"2022-05-15T06:20:28","date_gmt":"2022-05-15T06:20:28","guid":{"rendered":"http:\/\/purisimadelrincon.mx\/transparencia\/?page_id=11480"},"modified":"2022-05-15T06:20:50","modified_gmt":"2022-05-15T06:20:50","slug":"xxviii-licitaciones-2021","status":"publish","type":"page","link":"https:\/\/purisimadelrincon.mx\/transparencia\/xxviii-licitaciones-2021\/","title":{"rendered":"Licitaciones 2021"},"content":{"rendered":"<ul>\n<li><a href=\"https:\/\/purisimadelrincon.mx\/transparencia\/wp-content\/uploads\/Licitacion-Abedul.zip\">Licitacion Abedul<\/a><\/li>\n<li><a href=\"https:\/\/purisimadelrincon.mx\/transparencia\/wp-content\/uploads\/Licitacion-Blvd.-H.-Bustos.zip\">Licitaci\u00f3n Blvd. H. Bustos<\/a><\/li>\n<li><a href=\"https:\/\/purisimadelrincon.mx\/transparencia\/wp-content\/uploads\/Licitacion-Camino-Real.zip\">Licitaci\u00f3n Camino Real<\/a><\/li>\n<li><a href=\"https:\/\/purisimadelrincon.mx\/transparencia\/wp-content\/uploads\/Licitacion-carlos-jauregui.zip\">Licitaci\u00f3n carlos jauregui<\/a><\/li>\n<li><a href=\"https:\/\/purisimadelrincon.mx\/transparencia\/wp-content\/uploads\/Licitacion-Fco.-I.-Madero.zip\">Licitacion Fco. I. Madero<\/a><\/li>\n<li><a href=\"https:\/\/purisimadelrincon.mx\/transparencia\/wp-content\/uploads\/Licitacion-Plaza-de-Canada-de-Negros.zip\">Licitaci\u00f3n Plaza de Ca\u00f1ada de Negros<\/a><\/li>\n<li><a href=\"https:\/\/purisimadelrincon.mx\/transparencia\/wp-content\/uploads\/Licitacion-San-Marcos.zip\">Licitaci\u00f3n San Marcos<\/a><\/li>\n<\/ul>\n\n\n<p><\/p>\n","protected":false},"excerpt":{"rendered":"<p>Licitacion Abedul Licitaci\u00f3n Blvd. H. Bustos Licitaci\u00f3n Camino Real Licitaci\u00f3n carlos jauregui Licitacion Fco. I. Madero Licitaci\u00f3n Plaza de Ca\u00f1ada de Negros Licitaci\u00f3n San Marcos<\/p>\n","protected":false},"author":1,"featured_media":0,"parent":0,"menu_order":0,"comment_status":"closed","ping_status":"closed","template":"","meta":{"footnotes":""},"class_list":["post-11480","page","type-page","status-publish","hentry"],"_links":{"self":[{"href":"https:\/\/purisimadelrincon.mx\/transparencia\/wp-json\/wp\/v2\/pages\/11480","targetHints":{"allow":["GET"]}}],"collection":[{"href":"https:\/\/purisimadelrincon.mx\/transparencia\/wp-json\/wp\/v2\/pages"}],"about":[{"href":"https:\/\/purisimadelrincon.mx\/transparencia\/wp-json\/wp\/v2\/types\/page"}],"author":[{"embeddable":true,"href":"https:\/\/purisimadelrincon.mx\/transparencia\/wp-json\/wp\/v2\/users\/1"}],"replies":[{"embeddable":true,"href":"https:\/\/purisimadelrincon.mx\/transparencia\/wp-json\/wp\/v2\/comments?post=11480"}],"version-history":[{"count":2,"href":"https:\/\/purisimadelrincon.mx\/transparencia\/wp-json\/wp\/v2\/pages\/11480\/revisions"}],"predecessor-version":[{"id":11485,"href":"https:\/\/purisimadelrincon.mx\/transparencia\/wp-json\/wp\/v2\/pages\/11480\/revisions\/11485"}],"wp:attachment":[{"href":"https:\/\/purisimadelrincon.mx\/transparencia\/wp-json\/wp\/v2\/media?parent=11480"}],"curies":[{"name":"wp","href":"https:\/\/api.w.org\/{rel}","templated":true}]}}