{"id":131,"date":"2012-10-18T20:24:06","date_gmt":"2012-10-18T20:24:06","guid":{"rendered":"http:\/\/localhost\/transparencia\/?page_id=131"},"modified":"2021-12-06T18:01:03","modified_gmt":"2021-12-06T18:01:03","slug":"centro-de-consulta-publica","status":"publish","type":"page","link":"https:\/\/purisimadelrincon.mx\/transparencia\/centro-de-consulta-publica\/","title":{"rendered":"Centro de consulta p\u00fablica"},"content":{"rendered":"<p style=\"text-align: justify;\"><img loading=\"lazy\" decoding=\"async\" class=\"alignleft wp-image-550\" title=\"instalaciones_01\" src=\"https:\/\/purisimadelrincon.mx\/transparencia\/wp-content\/uploads\/2012\/11\/instalaciones_01-300x225.jpg\" alt=\"\" width=\"200\" height=\"150\" srcset=\"https:\/\/purisimadelrincon.mx\/transparencia\/wp-content\/uploads\/2012\/11\/instalaciones_01-300x225.jpg 300w, https:\/\/purisimadelrincon.mx\/transparencia\/wp-content\/uploads\/2012\/11\/instalaciones_01-150x112.jpg 150w, https:\/\/purisimadelrincon.mx\/transparencia\/wp-content\/uploads\/2012\/11\/instalaciones_01.jpg 400w\" sizes=\"auto, (max-width: 200px) 100vw, 200px\" \/><span style=\"text-align: justify;\">La Unidad de Transparencia de Pur\u00edsima del Rinc\u00f3n cuenta con instalaciones adecuadas para la recepci\u00f3n, tramite y respuesta de la solicitudes de informaci\u00f3n generadas en esta unidad. <\/span><\/p>\n<p style=\"text-align: justify;\"><span style=\"text-align: justify;\">Actualmente contamos con 6 equipos de c\u00f3mputo con servicio de internet, esto con la finalidad solicitar informaci\u00f3n por la <a href=\"https:\/\/www.plataformadetransparencia.org.mx\/\">Plataforma Nacional de Transparencia<\/a><\/span><span style=\"text-align: justify;\">, hacia nuestra\u00a0Unidad de Transparencia de Pur\u00edsima del Rinc\u00f3n.<\/span><\/p>\n<p style=\"text-align: justify;\"><img loading=\"lazy\" decoding=\"async\" class=\"alignleft wp-image-551\" style=\"border-color: #bbbbbb; background-color: #eeeeee;\" title=\"instalaciones_02\" src=\"https:\/\/purisimadelrincon.mx\/transparencia\/wp-content\/uploads\/2012\/11\/instalaciones_02-300x225.jpg\" alt=\"\" width=\"200\" height=\"150\" srcset=\"https:\/\/purisimadelrincon.mx\/transparencia\/wp-content\/uploads\/2012\/11\/instalaciones_02-300x225.jpg 300w, https:\/\/purisimadelrincon.mx\/transparencia\/wp-content\/uploads\/2012\/11\/instalaciones_02-150x112.jpg 150w, https:\/\/purisimadelrincon.mx\/transparencia\/wp-content\/uploads\/2012\/11\/instalaciones_02.jpg 400w\" sizes=\"auto, (max-width: 200px) 100vw, 200px\" \/><\/p>\n<p>\u00a0<\/p>\n<p style=\"text-align: justify;\"><span style=\"text-align: justify;\">Por\u00a0eso\u00a0la Presidencia Municipal y la Unidad de Transparencia, se preocupan por mantener en buenas condiciones este Centro de C\u00f3mputo P\u00fablico para que la ciudadan\u00eda haga uso de este servicio con la finalidad de apoyar la cultura y la m\u00e1xima publicidad de la Transparencia en nuestro Municipio.<\/span><\/p>\n<p>\u00a0<\/p>\n<p><img loading=\"lazy\" decoding=\"async\" class=\"alignleft wp-image-552\" style=\"color: #333333; font-style: normal; line-height: 24px; margin-top: 0.4em;\" title=\"instalaciones_03\" src=\"https:\/\/purisimadelrincon.mx\/transparencia\/wp-content\/uploads\/2012\/11\/instalaciones_03-300x225.jpg\" alt=\"\" width=\"200\" height=\"150\" srcset=\"https:\/\/purisimadelrincon.mx\/transparencia\/wp-content\/uploads\/2012\/11\/instalaciones_03-300x225.jpg 300w, https:\/\/purisimadelrincon.mx\/transparencia\/wp-content\/uploads\/2012\/11\/instalaciones_03-150x112.jpg 150w, https:\/\/purisimadelrincon.mx\/transparencia\/wp-content\/uploads\/2012\/11\/instalaciones_03.jpg 400w\" sizes=\"auto, (max-width: 200px) 100vw, 200px\" \/><\/p>\n<p>El solicitar informaci\u00f3n es tu derecho, no\u00a0pierdas la <span style=\"text-align: justify;\">oportunidad de hacer uso de los medios de comunicaci\u00f3n para realizar tus solicitudes, por eso la Presidencia Municipal y la Unidad de Transparencia te proporcionan este Centro de C\u00f3mputo para que hagas uso de \u00e9l con la finalidad de hacer valer tu derecho a conocer la funciones de la Administraci\u00f3n P\u00fablica.<\/span><\/p>\n<div>\n<div>\u00a0<\/div>\n<\/div>\n\n\n<div class=\"wp-block-columns is-layout-flex wp-container-core-columns-is-layout-9d6595d7 wp-block-columns-is-layout-flex\">\n<div class=\"wp-block-column is-layout-flow wp-block-column-is-layout-flow\">\n<p><\/p>\n<\/div>\n<\/div>\n","protected":false},"excerpt":{"rendered":"<p>La Unidad de Transparencia de Pur\u00edsima del Rinc\u00f3n cuenta con instalaciones adecuadas para la recepci\u00f3n, tramite y respuesta de la solicitudes de informaci\u00f3n generadas en esta unidad. Actualmente contamos con 6 equipos de c\u00f3mputo con servicio de internet, esto con <a class=\"more-link\" href=\"https:\/\/purisimadelrincon.mx\/transparencia\/centro-de-consulta-publica\/\">Seguir leyendo <span class=\"screen-reader-text\">  Centro de consulta p\u00fablica<\/span><span class=\"meta-nav\">&rarr;<\/span><\/a><\/p>\n","protected":false},"author":1,"featured_media":0,"parent":0,"menu_order":0,"comment_status":"closed","ping_status":"closed","template":"page-fullwidth.php","meta":{"footnotes":""},"class_list":["post-131","page","type-page","status-publish","hentry"],"_links":{"self":[{"href":"https:\/\/purisimadelrincon.mx\/transparencia\/wp-json\/wp\/v2\/pages\/131","targetHints":{"allow":["GET"]}}],"collection":[{"href":"https:\/\/purisimadelrincon.mx\/transparencia\/wp-json\/wp\/v2\/pages"}],"about":[{"href":"https:\/\/purisimadelrincon.mx\/transparencia\/wp-json\/wp\/v2\/types\/page"}],"author":[{"embeddable":true,"href":"https:\/\/purisimadelrincon.mx\/transparencia\/wp-json\/wp\/v2\/users\/1"}],"replies":[{"embeddable":true,"href":"https:\/\/purisimadelrincon.mx\/transparencia\/wp-json\/wp\/v2\/comments?post=131"}],"version-history":[{"count":41,"href":"https:\/\/purisimadelrincon.mx\/transparencia\/wp-json\/wp\/v2\/pages\/131\/revisions"}],"predecessor-version":[{"id":10052,"href":"https:\/\/purisimadelrincon.mx\/transparencia\/wp-json\/wp\/v2\/pages\/131\/revisions\/10052"}],"wp:attachment":[{"href":"https:\/\/purisimadelrincon.mx\/transparencia\/wp-json\/wp\/v2\/media?parent=131"}],"curies":[{"name":"wp","href":"https:\/\/api.w.org\/{rel}","templated":true}]}}