{"id":19251,"date":"2024-12-10T15:27:21","date_gmt":"2024-12-10T15:27:21","guid":{"rendered":"https:\/\/purisimadelrincon.mx\/transparencia\/?page_id=19251"},"modified":"2024-12-10T15:39:39","modified_gmt":"2024-12-10T15:39:39","slug":"informacion-de-interes-publico-desarrollo-economico","status":"publish","type":"page","link":"https:\/\/purisimadelrincon.mx\/transparencia\/informacion-de-interes-publico-desarrollo-economico\/","title":{"rendered":"INFORMACI\u00d3N DE INT\u00c9RES P\u00daBLICO DESARROLLO ECON\u00d3MICO"},"content":{"rendered":"<p><!--StartFragment--><\/p>\n<p><span style=\"color: revert; font-size: 22px; font-weight: bold;\">2024<\/span><\/p>\n<ul>\n<li><a href=\"https:\/\/purisimadelrincon.mx\/transparencia\/wp-content\/uploads\/Encuesta-de-satisfaccion-purisima-emprende-2024.pdf\">Encuesta de satisfacci\u00f3n purisima emprende 2024<\/a><\/li>\n<\/ul>\n\n\n<p><\/p>\n","protected":false},"excerpt":{"rendered":"<p>2024 Encuesta de satisfacci\u00f3n purisima emprende 2024<\/p>\n","protected":false},"author":1,"featured_media":0,"parent":0,"menu_order":0,"comment_status":"closed","ping_status":"closed","template":"","meta":{"footnotes":""},"class_list":["post-19251","page","type-page","status-publish","hentry"],"_links":{"self":[{"href":"https:\/\/purisimadelrincon.mx\/transparencia\/wp-json\/wp\/v2\/pages\/19251","targetHints":{"allow":["GET"]}}],"collection":[{"href":"https:\/\/purisimadelrincon.mx\/transparencia\/wp-json\/wp\/v2\/pages"}],"about":[{"href":"https:\/\/purisimadelrincon.mx\/transparencia\/wp-json\/wp\/v2\/types\/page"}],"author":[{"embeddable":true,"href":"https:\/\/purisimadelrincon.mx\/transparencia\/wp-json\/wp\/v2\/users\/1"}],"replies":[{"embeddable":true,"href":"https:\/\/purisimadelrincon.mx\/transparencia\/wp-json\/wp\/v2\/comments?post=19251"}],"version-history":[{"count":2,"href":"https:\/\/purisimadelrincon.mx\/transparencia\/wp-json\/wp\/v2\/pages\/19251\/revisions"}],"predecessor-version":[{"id":19260,"href":"https:\/\/purisimadelrincon.mx\/transparencia\/wp-json\/wp\/v2\/pages\/19251\/revisions\/19260"}],"wp:attachment":[{"href":"https:\/\/purisimadelrincon.mx\/transparencia\/wp-json\/wp\/v2\/media?parent=19251"}],"curies":[{"name":"wp","href":"https:\/\/api.w.org\/{rel}","templated":true}]}}