{"id":19471,"date":"2025-01-21T20:11:13","date_gmt":"2025-01-21T20:11:13","guid":{"rendered":"https:\/\/purisimadelrincon.mx\/transparencia\/?page_id=19471"},"modified":"2025-10-10T16:27:21","modified_gmt":"2025-10-10T16:27:21","slug":"curriculums-instituto-de-las-mujeres-purisimenses-2024-2027","status":"publish","type":"page","link":"https:\/\/purisimadelrincon.mx\/transparencia\/curriculums-instituto-de-las-mujeres-purisimenses-2024-2027\/","title":{"rendered":"CURRICULUMS INSTITUTO DE LAS MUJERES PURISIMENSES 2024-2027"},"content":{"rendered":"\n<p><\/p>\n\n\n<h3 style=\"text-align: center;\">INSTITUTO DE LAS MUJERES PURISIMENSES.<\/h3>\n<ul>\n<li>Directora General, <a href=\"https:\/\/purisimadelrincon.mx\/transparencia\/wp-content\/uploads\/CV-LETICIA-ACOSTA-RODRIGUEZ.pdf\">Lic. Leticia Acosta Rodr\u00edguez.<\/a><\/li>\n<li>Coordinadora Administrativa,<a href=\"https:\/\/purisimadelrincon.mx\/transparencia\/wp-content\/uploads\/CV-FABIOLA-MALDONADO-HERNANDEZ.pdf\"> LAF. Fabiola Maldonado Hern\u00e1ndez.<\/a><\/li>\n<li>Asesora Jur\u00eddica, <a href=\"https:\/\/purisimadelrincon.mx\/transparencia\/wp-content\/uploads\/CV-CARMINA-DEYERMIRA-PEREZ-GOMEZ.pdf\">Lic. Carmina Deyermira P\u00e9rez G\u00f3mez<\/a><\/li>\n<li>Trabajadora Social, <a href=\"https:\/\/purisimadelrincon.mx\/transparencia\/wp-content\/uploads\/CV-MARIA-GUADALUPE-VAZQUEZ-DE-ANDA.pdf\">LTS. Mar\u00eda Guadalupe V\u00e1zquez de Anda<\/a><\/li>\n<li>Psic\u00f3loga, <a href=\"https:\/\/purisimadelrincon.mx\/transparencia\/wp-content\/uploads\/CV-DIANA-PATRICIA-MENDEZ-GUERRERO.pdf\">MTF. Diana Patricia M\u00e9ndez Guerrero<\/a><\/li>\n<li>Psic\u00f3loga, <a href=\"https:\/\/purisimadelrincon.mx\/transparencia\/wp-content\/uploads\/CV-VERONICA-LILIANA-FELIPE-MOJICA.pdf\">MTF. Ver\u00f3nica Liliana Felipe Mojica.<\/a><\/li>\n<li>Auxiliar Administrativa, <a href=\"https:\/\/purisimadelrincon.mx\/transparencia\/wp-content\/uploads\/CV-REYNA-LLANELI-VERDIN-ROCHA.pdf\">Lic. Reyna Llaneli Verd\u00edn Rocha.<\/a><\/li>\n<li>Secretaria, <a href=\"https:\/\/purisimadelrincon.mx\/transparencia\/wp-content\/uploads\/CV-ARACELI-FLORES-LOPEZ.pdf\">Araceli Flores L\u00f3pez.<\/a><\/li>\n<li>Secretaria, <a href=\"https:\/\/purisimadelrincon.mx\/transparencia\/wp-content\/uploads\/CV-DIANA-MIREYA-MENDOZA-GARCIA.pdf\">Diana Mireya Mendoza Garc\u00eda<\/a><\/li>\n<\/ul>\n\n\n<p><\/p>\n\n\n\n<p><\/p>\n\n\n\n<p><\/p>\n\n\n\n<p><\/p>\n","protected":false},"excerpt":{"rendered":"<p>INSTITUTO DE LAS MUJERES PURISIMENSES. Directora General, Lic. Leticia Acosta Rodr\u00edguez. Coordinadora Administrativa, LAF. Fabiola Maldonado Hern\u00e1ndez. Asesora Jur\u00eddica, Lic. Carmina Deyermira P\u00e9rez G\u00f3mez Trabajadora Social, LTS. Mar\u00eda Guadalupe V\u00e1zquez de Anda Psic\u00f3loga, MTF. Diana Patricia M\u00e9ndez Guerrero Psic\u00f3loga, MTF. <a class=\"more-link\" href=\"https:\/\/purisimadelrincon.mx\/transparencia\/curriculums-instituto-de-las-mujeres-purisimenses-2024-2027\/\">Seguir leyendo <span class=\"screen-reader-text\">  CURRICULUMS INSTITUTO DE LAS MUJERES PURISIMENSES 2024-2027<\/span><span class=\"meta-nav\">&rarr;<\/span><\/a><\/p>\n","protected":false},"author":2,"featured_media":0,"parent":0,"menu_order":0,"comment_status":"closed","ping_status":"closed","template":"","meta":{"footnotes":""},"class_list":["post-19471","page","type-page","status-publish","hentry"],"_links":{"self":[{"href":"https:\/\/purisimadelrincon.mx\/transparencia\/wp-json\/wp\/v2\/pages\/19471","targetHints":{"allow":["GET"]}}],"collection":[{"href":"https:\/\/purisimadelrincon.mx\/transparencia\/wp-json\/wp\/v2\/pages"}],"about":[{"href":"https:\/\/purisimadelrincon.mx\/transparencia\/wp-json\/wp\/v2\/types\/page"}],"author":[{"embeddable":true,"href":"https:\/\/purisimadelrincon.mx\/transparencia\/wp-json\/wp\/v2\/users\/2"}],"replies":[{"embeddable":true,"href":"https:\/\/purisimadelrincon.mx\/transparencia\/wp-json\/wp\/v2\/comments?post=19471"}],"version-history":[{"count":4,"href":"https:\/\/purisimadelrincon.mx\/transparencia\/wp-json\/wp\/v2\/pages\/19471\/revisions"}],"predecessor-version":[{"id":21208,"href":"https:\/\/purisimadelrincon.mx\/transparencia\/wp-json\/wp\/v2\/pages\/19471\/revisions\/21208"}],"wp:attachment":[{"href":"https:\/\/purisimadelrincon.mx\/transparencia\/wp-json\/wp\/v2\/media?parent=19471"}],"curies":[{"name":"wp","href":"https:\/\/api.w.org\/{rel}","templated":true}]}}