{"id":2,"date":"2012-10-16T22:11:22","date_gmt":"2012-10-16T22:11:22","guid":{"rendered":"purisimadelrincon.mx\/transparencia\/?page_id=2"},"modified":"2012-10-17T18:49:34","modified_gmt":"2012-10-17T18:49:34","slug":"pagina-ejemplo","status":"publish","type":"page","link":"https:\/\/purisimadelrincon.mx\/transparencia\/pagina-ejemplo\/","title":{"rendered":"Filosof\u00eda"},"content":{"rendered":"<blockquote><p>&nbsp;<\/p>\n<h2>Misi\u00f3n<\/h2>\n<p>Garantizar el derecho de todos los ciudadanos al acceso a la informaci\u00f3n p\u00fablica y promover la cultura de transparencia en el municipio de Pur\u00edsima del Rinc\u00f3n.<\/p>\n<p>&nbsp;<\/p>\n<p>Nov 23, 2007<\/p>\n<div>\n<h2>Visi\u00f3n<\/h2>\n<p>Llegar a ser un \u00e1rea reconocida en el municipio que facilite a la ciudadan\u00eda el acceso a la informaci\u00f3n de la administraci\u00f3n municipal y garantizar la transparencia en la gesti\u00f3n p\u00fablica.<\/p>\n<p>&nbsp;<\/p>\n<\/div>\n<div>\n<h2>Valores<\/h2>\n<ul>\n<li>Transparencia<\/li>\n<li>Rendici\u00f3n de cuentas<\/li>\n<li>Responsabilidad<\/li>\n<li>Honestidad<\/li>\n<li>Trato Humano<\/li>\n<\/ul>\n<div><\/div>\n<p>&nbsp;<\/p>\n<\/div>\n<\/blockquote>\n<p>&nbsp;<\/p>\n","protected":false},"excerpt":{"rendered":"<p>&nbsp; Misi\u00f3n Garantizar el derecho de todos los ciudadanos al acceso a la informaci\u00f3n p\u00fablica y promover la cultura de transparencia en el municipio de Pur\u00edsima del Rinc\u00f3n. &nbsp; Nov 23, 2007 Visi\u00f3n Llegar a ser un \u00e1rea reconocida en <a class=\"more-link\" href=\"https:\/\/purisimadelrincon.mx\/transparencia\/pagina-ejemplo\/\">Seguir leyendo <span class=\"screen-reader-text\">  Filosof\u00eda<\/span><span class=\"meta-nav\">&rarr;<\/span><\/a><\/p>\n","protected":false},"author":1,"featured_media":0,"parent":0,"menu_order":0,"comment_status":"closed","ping_status":"closed","template":"","meta":{"footnotes":""},"class_list":["post-2","page","type-page","status-publish","hentry"],"_links":{"self":[{"href":"https:\/\/purisimadelrincon.mx\/transparencia\/wp-json\/wp\/v2\/pages\/2","targetHints":{"allow":["GET"]}}],"collection":[{"href":"https:\/\/purisimadelrincon.mx\/transparencia\/wp-json\/wp\/v2\/pages"}],"about":[{"href":"https:\/\/purisimadelrincon.mx\/transparencia\/wp-json\/wp\/v2\/types\/page"}],"author":[{"embeddable":true,"href":"https:\/\/purisimadelrincon.mx\/transparencia\/wp-json\/wp\/v2\/users\/1"}],"replies":[{"embeddable":true,"href":"https:\/\/purisimadelrincon.mx\/transparencia\/wp-json\/wp\/v2\/comments?post=2"}],"version-history":[{"count":5,"href":"https:\/\/purisimadelrincon.mx\/transparencia\/wp-json\/wp\/v2\/pages\/2\/revisions"}],"predecessor-version":[{"id":32,"href":"https:\/\/purisimadelrincon.mx\/transparencia\/wp-json\/wp\/v2\/pages\/2\/revisions\/32"}],"wp:attachment":[{"href":"https:\/\/purisimadelrincon.mx\/transparencia\/wp-json\/wp\/v2\/media?parent=2"}],"curies":[{"name":"wp","href":"https:\/\/api.w.org\/{rel}","templated":true}]}}