{"id":2945,"date":"2016-06-13T17:01:15","date_gmt":"2016-06-13T17:01:15","guid":{"rendered":"http:\/\/localhost\/transparencia\/?page_id=2945"},"modified":"2025-12-04T18:28:43","modified_gmt":"2025-12-04T18:28:43","slug":"ix-los-gastos-de-representacion-y-viaticos-asi-como-el-objeto-e-informe-de-comision-correspondiente","status":"publish","type":"page","link":"https:\/\/purisimadelrincon.mx\/transparencia\/ix-los-gastos-de-representacion-y-viaticos-asi-como-el-objeto-e-informe-de-comision-correspondiente\/","title":{"rendered":"IX. Los gastos de representaci\u00f3n y vi\u00e1ticos, as\u00ed como el objeto e informe de comisi\u00f3n correspondiente."},"content":{"rendered":"<h5>PARA LAS OBLIGACIONES DEL EJERCICIO <strong>2022<\/strong> A LA FECHA\u00a0 ACTUAL, CONSULTALAS EN EL SIGUIENTE BOT\u00d3N<\/h5>\n<p><a href=\"https:\/\/consultapublicamx.plataformadetransparencia.org.mx\/vut-web\/faces\/view\/consultaPublica.xhtml#inicio\"><img loading=\"lazy\" decoding=\"async\" class=\" wp-image-12755 aligncenter\" src=\"https:\/\/purisimadelrincon.mx\/transparencia\/wp-content\/uploads\/PLATAFORMANACIONAL-300x151.jpg\" alt=\"\" width=\"260\" height=\"136\" \/><\/a><\/p>\n<h5><span style=\"color: revert; font-size: 18px;\">Ejercicio 2021<\/span><\/h5>\n<ul>\n<li><a href=\"https:\/\/purisimadelrincon.mx\/transparencia\/wp-content\/uploads\/LTAIPG26F1_IX-1T21-Teso.xlsx\">1er Trimestre<\/a><\/li>\n<li><a href=\"https:\/\/purisimadelrincon.mx\/transparencia\/wp-content\/uploads\/LTAIPG26F1_IX-2T21-Teso.xlsx\">2do Trimestre<\/a><\/li>\n<li><a href=\"https:\/\/purisimadelrincon.mx\/transparencia\/wp-content\/uploads\/LTAIPG26F1_IX-3T21-Teso.xlsx\">3er\u00a0Trimestre<\/a><\/li>\n<li><a href=\"https:\/\/purisimadelrincon.mx\/transparencia\/wp-content\/uploads\/LTAIPG26F1_IX-4T21-Teso.xlsx\">4to Trimestre<\/a><\/li>\n<\/ul>\n<h5>Ejercicio 2020<\/h5>\n<ul>\n<li>1er Trimestre<\/li>\n<li>2do Trimestre<\/li>\n<li>3er\u00a0Trimestre<\/li>\n<li>4to Trimestre<\/li>\n<\/ul>\n<h5>Ejercicio 2019<\/h5>\n<ul>\n<li><a href=\"https:\/\/purisimadelrincon.mx\/transparencia\/wp-content\/uploads\/LTAIPG26F1_IX-201906.xlsx\">Formato Gastos por concepto de vi\u00e1ticos y representaci\u00f3n<\/a><\/li>\n<li><a href=\"https:\/\/purisimadelrincon.mx\/transparencia\/wp-content\/uploads\/LTAIPG26F1_IX.xlsx\">1er. Trimestre 2019<\/a><\/li>\n<li><a href=\"https:\/\/purisimadelrincon.mx\/transparencia\/wp-content\/uploads\/LTAIPG26F1_IX-1.xlsx\">2do.Trimestre 2019<\/a><\/li>\n<li><a href=\"https:\/\/purisimadelrincon.mx\/transparencia\/wp-content\/uploads\/LTAIPG26F1_IX-2.xlsx\">3er. Trimestre 2019<\/a><\/li>\n<\/ul>\n<ul>\n<li><a href=\"https:\/\/purisimadelrincon.mx\/transparencia\/wp-content\/uploads\/Gastos-de-representaci\u00f3n.xlsx\">Formato de Gastos de Representaci\u00f3n 2018<\/a><\/li>\n<li><a href=\"https:\/\/purisimadelrincon.mx\/transparencia\/wp-content\/uploads\/Gastos-vi\u00e1ticos-2017-actualizado.xlsx\">Formato Gastos vi\u00e1ticos 2017<\/a><\/li>\n<li><a href=\"https:\/\/purisimadelrincon.mx\/transparencia\/wp-content\/uploads\/Gastos-vi\u00e1ticos-2016.xlsx\">Formatos Gastos vi\u00e1ticos 2016<\/a><\/li>\n<li><a href=\"https:\/\/purisimadelrincon.mx\/transparencia\/wp-content\/uploads\/Gastos-vi\u00e1ticos-2015.xlsx\">Formato Gastos vi\u00e1ticos 2015<\/a><\/li>\n<li><a href=\"https:\/\/purisimadelrincon.mx\/transparencia\/wp-content\/uploads\/GASTOS-DE-VIATICOS-2016.xls\">Gastos de Representaci\u00f3n, Viajes y Vi\u00e1ticos 2016<\/a><\/li>\n<li>PDF <a href=\"https:\/\/purisimadelrincon.mx\/transparencia\/wp-content\/uploads\/viaticos_2015.pdf\" target=\"_blank\" rel=\"noopener\">Gastos de Representaci\u00f3n, Viajes y Vi\u00e1ticos 2015<\/a><\/li>\n<li>PDF\u00a0<a href=\"https:\/\/purisimadelrincon.mx\/transparencia\/wp-content\/uploads\/viaticos4_2014.pdf\" target=\"_blank\" rel=\"noopener\">Gastos de Representaci\u00f3n, Vi\u00e1ticos y otros tipos de gastos Septiembre\u00a0&#8211; Diciembre\u00a02014<\/a><\/li>\n<li>PDF <a href=\"https:\/\/purisimadelrincon.mx\/transparencia\/wp-content\/uploads\/viaticos3_2014.pdf\" target=\"_blank\" rel=\"noopener\">Gastos de Representaci\u00f3n, Vi\u00e1ticos y otros tipos de gastos Julio &#8211; Agosto 2014<\/a><\/li>\n<li>PDF <a href=\"https:\/\/purisimadelrincon.mx\/transparencia\/wp-content\/uploads\/viaticos2_2014.pdf\" target=\"_blank\" rel=\"noopener\">Gastos de Representaci\u00f3n, Vi\u00e1ticos y otros tipos de gastos Abril &#8211; Junio 2014<\/a><\/li>\n<li>PDF <a href=\"https:\/\/purisimadelrincon.mx\/transparencia\/wp-content\/uploads\/2014\/05\/viaticos_2014.pdf\" target=\"_blank\" rel=\"noopener\">Gastos de Representaci\u00f3n, Vi\u00e1ticos y otros tipos de gastos Enero &#8211; Marzo 2014<\/a><\/li>\n<li>PDF <a href=\"https:\/\/purisimadelrincon.mx\/transparencia\/wp-content\/uploads\/2013\/07\/Gastos2013.pdf\" target=\"_blank\" rel=\"noopener\">Gastos de Representaci\u00f3n, Vi\u00e1ticos y otros tipos de gastos 2013<\/a><\/li>\n<\/ul>\n<h4><strong><a href=\"https:\/\/purisimadelrincon.mx\/transparencia\/facturas-de-gastos-de-representacion-y-viaticos-administracion-2024-2027\/\">Facturas de gastos de representaci\u00f3n y vi\u00e1ticos Administraci\u00f3n 2024-2027<\/a><\/strong><\/h4>\n<h4><strong><a href=\"https:\/\/purisimadelrincon.mx\/transparencia\/ix-facturas-de-gastos-de-representacion-y-viaticos\/\" target=\"_blank\" rel=\"noopener\">Facturas de gastos de representaci\u00f3n y vi\u00e1ticos Administraci\u00f3n 2021-2024<\/a><\/strong><\/h4>\n<h5>Instituto Municipal de Planeaci\u00f3n (IMPLAN)<\/h5>\n<ul>\n<li><a href=\"https:\/\/purisimadelrincon.mx\/transparencia\/facturas-de-gastos-de-representacion-y-viaticos-implan\/\">Gastos de Representaci\u00f3n Vi\u00e1ticos y otros tipos de gastos<\/a><\/li>\n<\/ul>\n<h5>Instituto de las Mujeres Purisimenses<\/h5>\n<ul>\n<li><a href=\"https:\/\/purisimadelrincon.mx\/transparencia\/gastos-de-representacion-viaticos-y-otros-tipos-de-gastos\/\">Gastos de Representaci\u00f3n Vi\u00e1ticos y otros tipos de gastos\u00a0<\/a><\/li>\n<\/ul>\n<h5>Sistema de Agua Potable y Alcantarillado de Pur\u00edsima (SAPAP)<\/h5>\n<ul>\n<li><a href=\"https:\/\/purisimadelrincon.mx\/transparencia\/wp-content\/uploads\/Formato-Gastos-de-representaci\u00f3n.zip\">Formato Gastos de representaci\u00f3n 2016<\/a><\/li>\n<li><a href=\"https:\/\/purisimadelrincon.mx\/transparencia\/wp-content\/uploads\/Formato-Gastos-por-conceptos-de-vi\u00e1ticos.zip\">Formato Gastos por conceptos de vi\u00e1ticos 2016<\/a><\/li>\n<li><a href=\"https:\/\/purisimadelrincon.mx\/transparencia\/wp-content\/uploads\/viaticosJunio2014SAPAP.pdf\" target=\"_blank\" rel=\"noopener\">Gastos de Representaci\u00f3n, Vi\u00e1ticos y otros tipos de gastos 2014<\/a><\/li>\n<\/ul>\n<h5>Sistema Municipal del Desarrollo de la Familia (DIF)<\/h5>\n<ul>\n<li><a href=\"https:\/\/purisimadelrincon.mx\/transparencia\/wp-content\/uploads\/Gastos-de-representaci\u00f3n2019_1er.xlsx\">Formato Gastos de representaci\u00f3n 2019<\/a><\/li>\n<li><a href=\"https:\/\/purisimadelrincon.mx\/transparencia\/wp-content\/uploads\/Gastos-vi\u00e1ticos-2019_1er.xlsx\">Formato Gastos vi\u00e1ticos 2019<\/a><\/li>\n<li><a href=\"https:\/\/purisimadelrincon.mx\/transparencia\/wp-content\/uploads\/Gastos-de-representaci\u00f3n-06112018.xlsx\">Formato Gastos de representaci\u00f3n 2018<\/a><\/li>\n<li><a href=\"https:\/\/purisimadelrincon.mx\/transparencia\/wp-content\/uploads\/Gastos-vi\u00e1ticos-06112018.xlsx\">Formato Gastos vi\u00e1ticos 2018<\/a><\/li>\n<li><a href=\"https:\/\/purisimadelrincon.mx\/transparencia\/wp-content\/uploads\/DIF-Formato-Gastos-de-representaci\u00f3n.zip\">Formato Gastos de representaci\u00f3n 2016<\/a><\/li>\n<li><a href=\"https:\/\/purisimadelrincon.mx\/transparencia\/wp-content\/uploads\/DIF-Formato-Gastos-por-conceptos-de-vi\u00e1ticos.zip\">Formato Gastos por conceptos de vi\u00e1ticos 2016<\/a><\/li>\n<\/ul>\n","protected":false},"excerpt":{"rendered":"<p>PARA LAS OBLIGACIONES DEL EJERCICIO 2022 A LA FECHA\u00a0 ACTUAL, CONSULTALAS EN EL SIGUIENTE BOT\u00d3N Ejercicio 2021 1er Trimestre 2do Trimestre 3er\u00a0Trimestre 4to Trimestre Ejercicio 2020 1er Trimestre 2do Trimestre 3er\u00a0Trimestre 4to Trimestre Ejercicio 2019 Formato Gastos por concepto de <a class=\"more-link\" href=\"https:\/\/purisimadelrincon.mx\/transparencia\/ix-los-gastos-de-representacion-y-viaticos-asi-como-el-objeto-e-informe-de-comision-correspondiente\/\">Seguir leyendo <span class=\"screen-reader-text\">  IX. Los gastos de representaci\u00f3n y vi\u00e1ticos, as\u00ed como el objeto e informe de comisi\u00f3n correspondiente.<\/span><span class=\"meta-nav\">&rarr;<\/span><\/a><\/p>\n","protected":false},"author":2,"featured_media":0,"parent":0,"menu_order":0,"comment_status":"closed","ping_status":"closed","template":"page-fullwidth.php","meta":{"footnotes":""},"class_list":["post-2945","page","type-page","status-publish","hentry"],"_links":{"self":[{"href":"https:\/\/purisimadelrincon.mx\/transparencia\/wp-json\/wp\/v2\/pages\/2945","targetHints":{"allow":["GET"]}}],"collection":[{"href":"https:\/\/purisimadelrincon.mx\/transparencia\/wp-json\/wp\/v2\/pages"}],"about":[{"href":"https:\/\/purisimadelrincon.mx\/transparencia\/wp-json\/wp\/v2\/types\/page"}],"author":[{"embeddable":true,"href":"https:\/\/purisimadelrincon.mx\/transparencia\/wp-json\/wp\/v2\/users\/2"}],"replies":[{"embeddable":true,"href":"https:\/\/purisimadelrincon.mx\/transparencia\/wp-json\/wp\/v2\/comments?post=2945"}],"version-history":[{"count":62,"href":"https:\/\/purisimadelrincon.mx\/transparencia\/wp-json\/wp\/v2\/pages\/2945\/revisions"}],"predecessor-version":[{"id":21475,"href":"https:\/\/purisimadelrincon.mx\/transparencia\/wp-json\/wp\/v2\/pages\/2945\/revisions\/21475"}],"wp:attachment":[{"href":"https:\/\/purisimadelrincon.mx\/transparencia\/wp-json\/wp\/v2\/media?parent=2945"}],"curies":[{"name":"wp","href":"https:\/\/api.w.org\/{rel}","templated":true}]}}