{"id":2964,"date":"2016-06-14T15:20:36","date_gmt":"2016-06-14T15:20:36","guid":{"rendered":"http:\/\/localhost\/transparencia\/?page_id=2964"},"modified":"2026-01-20T19:59:57","modified_gmt":"2026-01-20T19:59:57","slug":"xxvii-las-concesiones-contratos-convenios-permisos-licencias-o-autorizaciones-otorgados","status":"publish","type":"page","link":"https:\/\/purisimadelrincon.mx\/transparencia\/xxvii-las-concesiones-contratos-convenios-permisos-licencias-o-autorizaciones-otorgados\/","title":{"rendered":"XXVII. Las concesiones, contratos, convenios, permisos, licencias o autorizaciones otorgados, especificando los titulares de aqu\u00e9llos, debiendo publicarse su objeto, nombre o raz\u00f3n social del titular, vigencia, tipo, t\u00e9rminos, condiciones, monto y modificaciones, as\u00ed como si el procedimiento involucra el aprovechamiento de bienes, servicios y recursos p\u00fablicos."},"content":{"rendered":"<p><!--StartFragment--><\/p>\n<h5>PARA LAS OBLIGACIONES DEL EJERCICIO <strong>2022<\/strong> A LA FECHA ACTUAL, CONSULTALAS EN EL SIGUIENTE BOT\u00d3N<\/h5>\n<p><a href=\"https:\/\/consultapublicamx.plataformadetransparencia.org.mx\/vut-web\/faces\/view\/consultaPublica.xhtml#inicio\"><img loading=\"lazy\" decoding=\"async\" class=\" wp-image-12755 aligncenter\" src=\"https:\/\/purisimadelrincon.mx\/transparencia\/wp-content\/uploads\/PLATAFORMANACIONAL-300x151.jpg\" alt=\"\" width=\"260\" height=\"136\" \/><\/a><\/p>\n<h5>\u00a0<\/h5>\n<h5>Ejercicio 2021<\/h5>\n<ul>\n<li><a href=\"https:\/\/purisimadelrincon.mx\/transparencia\/wp-content\/uploads\/LTAIPG26F1_XXVII-1T21-SHA.xlsx\">1er Trimestre<\/a><\/li>\n<li><a href=\"https:\/\/purisimadelrincon.mx\/transparencia\/wp-content\/uploads\/LTAIPG26F1_XXVII-2T21-SHA.xlsx\">2do Trimestre<\/a><\/li>\n<li><a href=\"https:\/\/purisimadelrincon.mx\/transparencia\/wp-content\/uploads\/LTAIPG26F1_XXVII-3T21-SHA.xlsx\">3er\u00a0Trimestre<\/a><\/li>\n<li><a href=\"https:\/\/purisimadelrincon.mx\/transparencia\/wp-content\/uploads\/LTAIPG26F1_XXVII-4T21-SHA.xlsx\">4to Trimestre<\/a><\/li>\n<\/ul>\n<h5>Ejercicio 2020<\/h5>\n<ul>\n<li><a href=\"https:\/\/purisimadelrincon.mx\/transparencia\/wp-content\/uploads\/LTAIPG26F1_XXVII-1T20-Teso.xlsx\">1er Trimestre<\/a><\/li>\n<li><a href=\"https:\/\/purisimadelrincon.mx\/transparencia\/wp-content\/uploads\/LTAIPG26F1_XXVII-2T20-Teso.xlsx\">2do Trimestre<\/a><\/li>\n<li><a href=\"https:\/\/purisimadelrincon.mx\/transparencia\/wp-content\/uploads\/LTAIPG26F1_XXVII-3T20-Teso.xlsx\">3er\u00a0Trimestre<\/a><\/li>\n<li><a href=\"https:\/\/purisimadelrincon.mx\/transparencia\/wp-content\/uploads\/LTAIPG26F1_XXVII-4T20-Teso.xlsx\">4to Trimestre<\/a><\/li>\n<\/ul>\n<ul>\n<li><a href=\"https:\/\/purisimadelrincon.mx\/transparencia\/wp-content\/uploads\/LTAIPG26F1_XXVII-201906.xlsx\">Formato de concesiones, contratos, convenios, permisos, licencias o autorizaciones otorgadas 2019<\/a><\/li>\n<li><a href=\"https:\/\/purisimadelrincon.mx\/transparencia\/wp-content\/uploads\/LTAIPG26F1_XXVII-1.xlsx\">1er. Trimestre<\/a><\/li>\n<li><a href=\"https:\/\/purisimadelrincon.mx\/transparencia\/wp-content\/uploads\/LTAIPG26F1_XXVII-2.xlsx\">2do.Trimestre<\/a><\/li>\n<li><a href=\"https:\/\/purisimadelrincon.mx\/transparencia\/wp-content\/uploads\/LTAIPG26F1_XXVII-3.xlsx\">3er. Trimestre<\/a><\/li>\n<li><a href=\"https:\/\/purisimadelrincon.mx\/transparencia\/wp-content\/uploads\/LTAIPG26F1_XXVII-4.xlsx\">4to. Trimestre<\/a><\/li>\n<\/ul>\n<h4><strong>Permisos<\/strong><\/h4>\n<ul>\n<li><a href=\"https:\/\/purisimadelrincon.mx\/transparencia\/permisos-2024-2027\/\">Permisos 2024-2027<\/a><\/li>\n<\/ul>\n<p>&nbsp;<\/p>\n<h4><strong>Contratos y Concesiones<\/strong><\/h4>\n<ul>\n<li><a href=\"https:\/\/purisimadelrincon.mx\/transparencia\/contratos-y-concesiones-2021\/\">Contratos y Concesiones 2021<\/a><\/li>\n<li><a href=\"https:\/\/purisimadelrincon.mx\/transparencia\/contratos-y-concesiones-2022\/\">Contratos y Concesiones 2022<\/a><\/li>\n<li><a href=\"https:\/\/purisimadelrincon.mx\/transparencia\/contratos-y-concesiones-2023\/\">Contratos y Concesiones 2023<\/a><\/li>\n<li><a href=\"https:\/\/purisimadelrincon.mx\/transparencia\/contratos-y-concesiones-2024\/\">Contratos y Concesiones 2024<\/a><\/li>\n<li><a href=\"https:\/\/purisimadelrincon.mx\/transparencia\/contratos-y-concesiones-2025\/\">Contratos y Concesiones 2025<\/a><\/li>\n<\/ul>\n<h4><strong>Instituto de las Mujeres\u00a0<\/strong><b>Purisimenses<\/b><\/h4>\n<ul>\n<li><a href=\"https:\/\/purisimadelrincon.mx\/transparencia\/contratos-y-concesiones-2024-imuj\/\">Contratos y Concesiones 2024<\/a><\/li>\n<li><a href=\"https:\/\/purisimadelrincon.mx\/transparencia\/contratos-y-concesiones-2025-imuj\/\">Contratos y Concesiones 2025<\/a><\/li>\n<\/ul>\n<h4><strong>IMPLAN<\/strong><\/h4>\n<ul>\n<li><a href=\"https:\/\/purisimadelrincon.mx\/transparencia\/wp-content\/uploads\/MPR-IMPLAN-03-2025-VP-1.pdf\">MPR-IMPLAN-03-2025 VP (1)<\/a><\/li>\n<\/ul>\n<p>.<\/p>\n<h5>Direcci\u00f3n de Seguridad P\u00fablica, Tr\u00e1nsito y Transporte Municipal<\/h5>\n<ul>\n<li><a href=\"https:\/\/purisimadelrincon.mx\/transparencia\/wp-content\/uploads\/CONVENIO-ESPECIFICO-DE-ADHESION.pdf\">Convenio Espec\u00edfico de Adhesi\u00f3n para el otorgamiento del \u00abFondo Estatal para el Fortalecimiento de la Seguridad P\u00fablica Municipal\u00bb<\/a>, celebrado por una parte el Gobierno del Estado de Guanajuato y por la otra parte el Municipio de Pur\u00edsima del Rinc\u00f3n.<\/li>\n<\/ul>\n<p><!--EndFragment--><\/p>\n\n\n<p><\/p>\n","protected":false},"excerpt":{"rendered":"<p>PARA LAS OBLIGACIONES DEL EJERCICIO 2022 A LA FECHA ACTUAL, CONSULTALAS EN EL SIGUIENTE BOT\u00d3N \u00a0 Ejercicio 2021 1er Trimestre 2do Trimestre 3er\u00a0Trimestre 4to Trimestre Ejercicio 2020 1er Trimestre 2do Trimestre 3er\u00a0Trimestre 4to Trimestre Formato de concesiones, contratos, convenios, permisos, <a class=\"more-link\" href=\"https:\/\/purisimadelrincon.mx\/transparencia\/xxvii-las-concesiones-contratos-convenios-permisos-licencias-o-autorizaciones-otorgados\/\">Seguir leyendo <span class=\"screen-reader-text\">  XXVII. Las concesiones, contratos, convenios, permisos, licencias o autorizaciones otorgados, especificando los titulares de aqu\u00e9llos, debiendo publicarse su objeto, nombre o raz\u00f3n social del titular, vigencia, tipo, t\u00e9rminos, condiciones, monto y modificaciones, as\u00ed como si el procedimiento involucra el aprovechamiento de bienes, servicios y recursos p\u00fablicos.<\/span><span class=\"meta-nav\">&rarr;<\/span><\/a><\/p>\n","protected":false},"author":2,"featured_media":0,"parent":0,"menu_order":0,"comment_status":"closed","ping_status":"closed","template":"page-fullwidth.php","meta":{"footnotes":""},"class_list":["post-2964","page","type-page","status-publish","hentry"],"_links":{"self":[{"href":"https:\/\/purisimadelrincon.mx\/transparencia\/wp-json\/wp\/v2\/pages\/2964","targetHints":{"allow":["GET"]}}],"collection":[{"href":"https:\/\/purisimadelrincon.mx\/transparencia\/wp-json\/wp\/v2\/pages"}],"about":[{"href":"https:\/\/purisimadelrincon.mx\/transparencia\/wp-json\/wp\/v2\/types\/page"}],"author":[{"embeddable":true,"href":"https:\/\/purisimadelrincon.mx\/transparencia\/wp-json\/wp\/v2\/users\/2"}],"replies":[{"embeddable":true,"href":"https:\/\/purisimadelrincon.mx\/transparencia\/wp-json\/wp\/v2\/comments?post=2964"}],"version-history":[{"count":46,"href":"https:\/\/purisimadelrincon.mx\/transparencia\/wp-json\/wp\/v2\/pages\/2964\/revisions"}],"predecessor-version":[{"id":21660,"href":"https:\/\/purisimadelrincon.mx\/transparencia\/wp-json\/wp\/v2\/pages\/2964\/revisions\/21660"}],"wp:attachment":[{"href":"https:\/\/purisimadelrincon.mx\/transparencia\/wp-json\/wp\/v2\/media?parent=2964"}],"curies":[{"name":"wp","href":"https:\/\/api.w.org\/{rel}","templated":true}]}}