{"id":2973,"date":"2016-06-14T15:32:16","date_gmt":"2016-06-14T15:32:16","guid":{"rendered":"http:\/\/localhost\/transparencia\/?page_id=2973"},"modified":"2026-03-12T17:16:32","modified_gmt":"2026-03-12T17:16:32","slug":"xv-la-informacion-de-los-programas-de-subsidios-estimulos-y-apoyos-en-el-que-se-debera-informar-respecto-de-los-programas-de-transferencia-de-servicios-de-infraestructura-social-y-de-subsidio","status":"publish","type":"page","link":"https:\/\/purisimadelrincon.mx\/transparencia\/xv-la-informacion-de-los-programas-de-subsidios-estimulos-y-apoyos-en-el-que-se-debera-informar-respecto-de-los-programas-de-transferencia-de-servicios-de-infraestructura-social-y-de-subsidio\/","title":{"rendered":"XV. La informaci\u00f3n de los programas de subsidios, est\u00edmulos y apoyos, en el que se deber\u00e1 informar respecto de los programas de transferencia, de servicios, de infraestructura social y de subsidio."},"content":{"rendered":"<h5>PARA LAS OBLIGACIONES DEL EJERCICIO <strong>2022<\/strong> A LA FECHA\u00a0 ACTUAL, CONSULTALAS EN EL SIGUIENTE BOT\u00d3N<\/h5>\n<p><a href=\"https:\/\/consultapublicamx.plataformadetransparencia.org.mx\/vut-web\/faces\/view\/consultaPublica.xhtml#inicio\"><img loading=\"lazy\" decoding=\"async\" class=\" wp-image-12755 aligncenter\" src=\"https:\/\/purisimadelrincon.mx\/transparencia\/wp-content\/uploads\/PLATAFORMANACIONAL-300x151.jpg\" alt=\"\" width=\"260\" height=\"136\" \/><\/a><\/p>\n<h5>Ejercicio 2021<\/h5>\n<ul>\n<li>1er Trimestre <a href=\"https:\/\/purisimadelrincon.mx\/transparencia\/wp-content\/uploads\/LTAIPG26F1_XVA-1T21-Todos.xlsx\">XVA<\/a> y <a href=\"https:\/\/purisimadelrincon.mx\/transparencia\/wp-content\/uploads\/LTAIPG26F2_XVB-1T21-Todos.xlsx\">XVB<\/a><\/li>\n<li>2do Trimestre <a href=\"https:\/\/purisimadelrincon.mx\/transparencia\/wp-content\/uploads\/LTAIPG26F1_XVA-2T21-todos.xlsx\">XVA<\/a> y <a href=\"https:\/\/purisimadelrincon.mx\/transparencia\/wp-content\/uploads\/LTAIPG26F2_XVB-2T21-todos.xlsx\">XVB<\/a><\/li>\n<li>3er Trimestre <a href=\"https:\/\/purisimadelrincon.mx\/transparencia\/wp-content\/uploads\/LTAIPG26F1_XVA-3T21-Ecot-Soc-Edu-Rur.xlsx\">XVA<\/a> y <a href=\"https:\/\/purisimadelrincon.mx\/transparencia\/wp-content\/uploads\/LTAIPG26F2_XVB-3T21-Ecot-Soc-Edu-Rur.xlsx\">XVB<\/a><\/li>\n<li>4to Trimestre <a href=\"https:\/\/purisimadelrincon.mx\/transparencia\/wp-content\/uploads\/LTAIPG26F1_XVA-4T21-Todos.xlsx\">XVA<\/a> y <a href=\"https:\/\/purisimadelrincon.mx\/transparencia\/wp-content\/uploads\/LTAIPG26F2_XVB-4T21-Todos.xlsx\">XVB<\/a><\/li>\n<\/ul>\n<h5>Ejercicio 2020<\/h5>\n<ul>\n<li>1er Trimestre <a href=\"https:\/\/purisimadelrincon.mx\/transparencia\/wp-content\/uploads\/LTAIPG26F1_XVA-2T20-CONJ.xlsx\">XVA<\/a> y <a href=\"https:\/\/purisimadelrincon.mx\/transparencia\/wp-content\/uploads\/LTAIPG26F2_XVB-2T20-CONJ.xlsx\">XVB<\/a><\/li>\n<li>2do Trimestre <a href=\"https:\/\/purisimadelrincon.mx\/transparencia\/wp-content\/uploads\/LTAIPG26F1_XVA-2T20-CONJ.xlsx\">XVA<\/a> y <a href=\"https:\/\/purisimadelrincon.mx\/transparencia\/wp-content\/uploads\/LTAIPG26F2_XVB-2T20-CONJ.xlsx\">XVB<\/a><\/li>\n<li>3er Trimestre <a href=\"https:\/\/purisimadelrincon.mx\/transparencia\/wp-content\/uploads\/LTAIPG26F1_XVA-3T20-CONJ.xlsx\">XVA<\/a> y <a href=\"https:\/\/purisimadelrincon.mx\/transparencia\/wp-content\/uploads\/LTAIPG26F2_XVB-3T20-CONJ.xlsx\">XVB<\/a><\/li>\n<li>4to Trimestre <a href=\"https:\/\/purisimadelrincon.mx\/transparencia\/wp-content\/uploads\/LTAIPG26F1_XVA-4T20-CONJ.xlsx\">XVA<\/a> y <a href=\"https:\/\/purisimadelrincon.mx\/transparencia\/wp-content\/uploads\/LTAIPG26F2_XVB-4T20-CONJ.xlsx\">XVB<\/a><\/li>\n<\/ul>\n<p><!--StartFragment--><\/p>\n<h6>Desarrollo Econ\u00f3mico<\/h6>\n<ul>\n<li><a href=\"https:\/\/purisimadelrincon.mx\/transparencia\/wp-content\/uploads\/REGLAS-DE-OPERACION-PURISIMA-EMPRENDE-Y-FORTALECE-AUTORIZADAS-Y-FIRMADAS_000010.pdf\">Reglas de operaci\u00f3n Pur\u00edsima Emprende y Fortalece autorizadas y firmadas 10<\/a><\/li>\n<li><a href=\"https:\/\/purisimadelrincon.mx\/transparencia\/wp-content\/uploads\/REGLAS-DE-OPERACION-MEJORA-DE-IMAGEN-PARA-ESTABLECIMIENTOS-AUTORIZADAS-Y-FIRMADAS_000009.pdf\">Reglas de operaci\u00f3n Mejora de Imagen para Establecimientos autorizadas y firmadas 09<\/a><\/li>\n<li><a href=\"https:\/\/purisimadelrincon.mx\/transparencia\/wp-content\/uploads\/Padron-de-Beneficiarios-Purisima-Emprende-y-Fortalece-2025.pdf\">Padr\u00f3n de Beneficiarios Pur\u00edsima Emprende y Fortalece 2025.<\/a><\/li>\n<li><a href=\"https:\/\/purisimadelrincon.mx\/transparencia\/wp-content\/uploads\/Padron-de-Beneficiarios-Programa-Mi-Tienda-al-100-2025.pdf\">Padr\u00f3n de Beneficiarios Programa Mi Tienda al 100 2025<\/a><\/li>\n<li><a href=\"https:\/\/purisimadelrincon.mx\/transparencia\/wp-content\/uploads\/Reglas-de-operacion-PE202503-04-2025-131710.pdf\">Reglas de operacion PE202503-04-2025-131710<\/a><\/li>\n<li><a href=\"https:\/\/purisimadelrincon.mx\/transparencia\/wp-content\/uploads\/Padron-de-Beneficiarios-Purisima-Emprende-2024.pdf\">Padr\u00f3n de Beneficiarios Pur\u00edsima Emprende 2024<\/a>\u00a0<\/li>\n<li><a href=\"https:\/\/purisimadelrincon.mx\/transparencia\/wp-content\/uploads\/REGLAS-DE-OPERACION-PURISIMA-EMPRENDE-2024.pdf\">Reglas de Operaci\u00f3n Pur\u00edsima EMPRENDE 2024<\/a><\/li>\n<li><a href=\"https:\/\/purisimadelrincon.mx\/transparencia\/wp-content\/uploads\/Pde-Bficiarios-Prog-Purisima-Emprende-2023.pdf\">Padr\u00f3n de Beneficiarios Programa Pur\u00edsima Emprende 2023<\/a><\/li>\n<li><a href=\"https:\/\/purisimadelrincon.mx\/transparencia\/wp-content\/uploads\/Pde-Bfirios-Prog-Mi-Tienda-al-100-2023.pdf\">Padr\u00f3n de Beneficiarios Programa Mi Tienda al 100 2023<\/a><\/li>\n<li><a href=\"https:\/\/purisimadelrincon.mx\/transparencia\/wp-content\/uploads\/01-REGLAS-DE-OPERACION-PURISIMA-EMPRENDE-2023-1.pdf\">Reglas de Operaci\u00f3n Pur\u00edsima Emprende 2023 <\/a><\/li>\n<li><a href=\"https:\/\/purisimadelrincon.mx\/transparencia\/wp-content\/uploads\/Padron-de-Beneficiarios-Programa-Purisima-Emprende-2022.pdf\">Padr\u00f3n de Beneficiarios Programa Pur\u00edsima Emprende 2022<\/a><\/li>\n<li><a href=\"https:\/\/purisimadelrincon.mx\/transparencia\/wp-content\/uploads\/PADRON-DE-BENEFICIARIOS-MI-TIENDA-AL-100-2022.pdf\">Padr\u00f3n de Beneficiarios\u00a0 MI TIENDA\u00a0 AL 100 2022<\/a><\/li>\n<li><a href=\"https:\/\/purisimadelrincon.mx\/transparencia\/wp-content\/uploads\/LTAIPG26F1_XVA-201906-Econo.xlsx\">Formato Padr\u00f3n de beneficiarios del programa social 2019<\/a><\/li>\n<li><a href=\"https:\/\/purisimadelrincon.mx\/transparencia\/wp-content\/uploads\/LTAIPG26F2_XVB-201906-Econo.xlsx\">Formato Programas sociales desarrollados 2019<\/a><\/li>\n<li><a href=\"https:\/\/purisimadelrincon.mx\/transparencia\/wp-content\/uploads\/DES-ECO-LTAIPG26F1_XVA-201812.xlsx\">Formato Padr\u00f3n de beneficiarios del programa social 2018<\/a><\/li>\n<li><a href=\"https:\/\/purisimadelrincon.mx\/transparencia\/wp-content\/uploads\/DES-ECO-LTAIPG26F2_XVB-201812.xlsx\">Formato Programas sociales desarrollados 2018<\/a><\/li>\n<\/ul>\n<h6>Desarrollo Rural<\/h6>\n<ul>\n<li><a href=\"https:\/\/purisimadelrincon.mx\/transparencia\/wp-content\/uploads\/DES-RURAL-LTAIPG26F1_XVA-201812.xlsx\">Formato Padr\u00f3n de beneficiarios del programa social 2018<\/a><\/li>\n<li><a href=\"https:\/\/purisimadelrincon.mx\/transparencia\/wp-content\/uploads\/DES-RURAL-LTAIPG26F2_XVB-201812.xlsx\">Formato Programas sociales desarrollados 2018<\/a><\/li>\n<\/ul>\n<h6>Desarrollo Social<\/h6>\n<ul>\n<li><a href=\"https:\/\/purisimadelrincon.mx\/transparencia\/wp-content\/uploads\/LTAIPG26F1_XVA-1.xlsx\">Formato Programas sociales desarrollados por sujetos obligados 2019<\/a><\/li>\n<li><a href=\"https:\/\/purisimadelrincon.mx\/transparencia\/wp-content\/uploads\/LTAIPG26F1_XVAS-201906-Social.xlsx\">Formato Programas sociales desarrollados 2019<\/a><\/li>\n<li><a href=\"https:\/\/purisimadelrincon.mx\/transparencia\/wp-content\/uploads\/DES-SOCIAL-LTAIPG26F1_XVA-201812.xlsx\">Formato Programas sociales desarrollados por sujetos obligados 2018<\/a><\/li>\n<li><a href=\"https:\/\/purisimadelrincon.mx\/transparencia\/wp-content\/uploads\/DES-SOCIAL-LTAIPG26F2_XVB-201812.xlsx\">Formato Programas sociales desarrollados 2018<\/a><\/li>\n<\/ul>\n<h6>Educaci\u00f3n Municipal<\/h6>\n<ul>\n<li><a href=\"https:\/\/purisimadelrincon.mx\/transparencia\/wp-content\/uploads\/LTAIPG26F1_XVA-3.xlsx\">Formato\u00a0Padr\u00f3n de beneficiarios de programas sociales 2019<\/a><\/li>\n<li><a href=\"https:\/\/purisimadelrincon.mx\/transparencia\/wp-content\/uploads\/LTAIPG26F2_XVB-3.xlsx\">Formato\u00a0Programas sociales 2019<\/a><\/li>\n<li><a href=\"https:\/\/purisimadelrincon.mx\/transparencia\/wp-content\/uploads\/EDUC-LTAIPG26F1_XVA-201812.xlsx\">Formato Programas sociales desarrollados por sujetos obligados 2018<\/a><\/li>\n<li><a href=\"https:\/\/purisimadelrincon.mx\/transparencia\/wp-content\/uploads\/EDUC-LTAIPG26F2_XVB-201812.xlsx\">Formato Programas sociales desarrollados 2018<\/a><\/li>\n<li><a href=\"https:\/\/purisimadelrincon.mx\/transparencia\/wp-content\/uploads\/Formato-Padr\u00f3n-de-beneficiarios-del-programa-social-2016.zip\">Formato Padr\u00f3n de beneficiarios del programa social 2016<\/a><\/li>\n<li><a href=\"https:\/\/purisimadelrincon.mx\/transparencia\/wp-content\/uploads\/Formato-Padr\u00f3n-de-beneficiarios-del-programa-social-2015.zip\">Formato Padr\u00f3n de beneficiarios del programa social 2015<\/a><\/li>\n<\/ul>\n<h4>EDUCACION MUNICIPAL 2021-2024<\/h4>\n<ul>\n<li><a href=\"https:\/\/purisimadelrincon.mx\/transparencia\/wp-content\/uploads\/Reglas-de-operacion-entereza-que-trasciende.pdf\">Reglas de operaci\u00f3n entereza que trasciende.<\/a><\/li>\n<li><a href=\"https:\/\/purisimadelrincon.mx\/transparencia\/wp-content\/uploads\/Reglas-de-operacion-transforma-y-trasciende.pdf\">Reglas de operaci\u00f3n transforma y trasciende.<\/a><\/li>\n<\/ul>\n<h4>INSTITUTO DE LAS MUJERES PURISIMENSES<\/h4>\n<ul>\n<li><a href=\"https:\/\/purisimadelrincon.mx\/transparencia\/wp-content\/uploads\/REGLAS_DE_OPERACION_PROGRAMA_MUJER_EMPRENDE_Y_TRASCIENDE_2023.pdf\">REGLAS_DE_OPERACI\u00d3N_PROGRAMA_MUJER_EMPRENDE_Y_TRASCIENDE_2023<\/a><\/li>\n<\/ul>\n\n\n<p><\/p>\n\n\n\n<p><\/p>\n\n\n\n<p><\/p>\n","protected":false},"excerpt":{"rendered":"<p>PARA LAS OBLIGACIONES DEL EJERCICIO 2022 A LA FECHA\u00a0 ACTUAL, CONSULTALAS EN EL SIGUIENTE BOT\u00d3N Ejercicio 2021 1er Trimestre XVA y XVB 2do Trimestre XVA y XVB 3er Trimestre XVA y XVB 4to Trimestre XVA y XVB Ejercicio 2020 1er <a class=\"more-link\" href=\"https:\/\/purisimadelrincon.mx\/transparencia\/xv-la-informacion-de-los-programas-de-subsidios-estimulos-y-apoyos-en-el-que-se-debera-informar-respecto-de-los-programas-de-transferencia-de-servicios-de-infraestructura-social-y-de-subsidio\/\">Seguir leyendo <span class=\"screen-reader-text\">  XV. La informaci\u00f3n de los programas de subsidios, est\u00edmulos y apoyos, en el que se deber\u00e1 informar respecto de los programas de transferencia, de servicios, de infraestructura social y de subsidio.<\/span><span class=\"meta-nav\">&rarr;<\/span><\/a><\/p>\n","protected":false},"author":2,"featured_media":0,"parent":0,"menu_order":0,"comment_status":"closed","ping_status":"closed","template":"page-fullwidth.php","meta":{"footnotes":""},"class_list":["post-2973","page","type-page","status-publish","hentry"],"_links":{"self":[{"href":"https:\/\/purisimadelrincon.mx\/transparencia\/wp-json\/wp\/v2\/pages\/2973","targetHints":{"allow":["GET"]}}],"collection":[{"href":"https:\/\/purisimadelrincon.mx\/transparencia\/wp-json\/wp\/v2\/pages"}],"about":[{"href":"https:\/\/purisimadelrincon.mx\/transparencia\/wp-json\/wp\/v2\/types\/page"}],"author":[{"embeddable":true,"href":"https:\/\/purisimadelrincon.mx\/transparencia\/wp-json\/wp\/v2\/users\/2"}],"replies":[{"embeddable":true,"href":"https:\/\/purisimadelrincon.mx\/transparencia\/wp-json\/wp\/v2\/comments?post=2973"}],"version-history":[{"count":44,"href":"https:\/\/purisimadelrincon.mx\/transparencia\/wp-json\/wp\/v2\/pages\/2973\/revisions"}],"predecessor-version":[{"id":21969,"href":"https:\/\/purisimadelrincon.mx\/transparencia\/wp-json\/wp\/v2\/pages\/2973\/revisions\/21969"}],"wp:attachment":[{"href":"https:\/\/purisimadelrincon.mx\/transparencia\/wp-json\/wp\/v2\/media?parent=2973"}],"curies":[{"name":"wp","href":"https:\/\/api.w.org\/{rel}","templated":true}]}}