{"id":3904,"date":"2017-05-04T16:57:41","date_gmt":"2017-05-04T16:57:41","guid":{"rendered":"http:\/\/localhost\/transparencia\/?page_id=3904"},"modified":"2025-12-04T20:42:15","modified_gmt":"2025-12-04T20:42:15","slug":"xxiii-los-montos-destinados-a-gastos-relativos-a-comunicacion-social-y-publicidad-oficial-desglosada-por-tipo-de-medio-proveedores-numero-de-contrato-y-concepto-o-campana","status":"publish","type":"page","link":"https:\/\/purisimadelrincon.mx\/transparencia\/xxiii-los-montos-destinados-a-gastos-relativos-a-comunicacion-social-y-publicidad-oficial-desglosada-por-tipo-de-medio-proveedores-numero-de-contrato-y-concepto-o-campana\/","title":{"rendered":"XXIII. Los montos destinados a gastos relativos a comunicaci\u00f3n social y publicidad oficial desglosada por tipo de medio, proveedores, n\u00famero de contrato y concepto o campa\u00f1a."},"content":{"rendered":"<h5>PARA LAS OBLIGACIONES DEL EJERCICIO <strong>2022<\/strong> A LA FECHA ACTUAL, CONSULTALAS EN EL SIGUIENTE BOT\u00d3N<\/h5>\n<p><a href=\"https:\/\/consultapublicamx.plataformadetransparencia.org.mx\/vut-web\/faces\/view\/consultaPublica.xhtml#inicio\"><img loading=\"lazy\" decoding=\"async\" class=\" wp-image-12755 aligncenter\" src=\"https:\/\/purisimadelrincon.mx\/transparencia\/wp-content\/uploads\/PLATAFORMANACIONAL-300x151.jpg\" alt=\"\" width=\"260\" height=\"136\" \/><\/a><\/p>\n<h5>Ejercicio 2021<\/h5>\n<ul>\n<li>1er Trimestre <a href=\"https:\/\/purisimadelrincon.mx\/transparencia\/wp-content\/uploads\/LTAIPG26F2_XXIIIB-1T21-CS.xlsx\">XXIIIB<\/a> y <a href=\"https:\/\/purisimadelrincon.mx\/transparencia\/wp-content\/uploads\/LTAIPG26F4_XXIIID-3T21-Comunic-ANUAL.xlsx\">XXIIID<\/a> (anual)<\/li>\n<li>2do Trimestre <a href=\"https:\/\/purisimadelrincon.mx\/transparencia\/wp-content\/uploads\/LTAIPG26F2_XXIIIB-2T21-CS.xlsx\">XXIIIB<\/a>\u00a0<\/li>\n<li>3er Trimestre <a href=\"https:\/\/purisimadelrincon.mx\/transparencia\/wp-content\/uploads\/LTAIPG26F2_XXIIIB-3T21-CS.xlsx\">XXIIIB\u00a0<\/a><\/li>\n<li>4to Trimestre <a href=\"https:\/\/purisimadelrincon.mx\/transparencia\/wp-content\/uploads\/LTAIPG26F2_XXIIIB-4T21-CS.xlsx\">XXIIIB<\/a>\u00a0<\/li>\n<\/ul>\n<h5>Ejercicio 2020<\/h5>\n<ul>\n<li>1er Trimestre <a href=\"https:\/\/purisimadelrincon.mx\/transparencia\/wp-content\/uploads\/LTAIPG26F2_XXIIIB-1T20-CS.xlsx\">XXIIIB<\/a> y <a href=\"https:\/\/purisimadelrincon.mx\/transparencia\/wp-content\/uploads\/LTAIPG26F4_XXIIID-1T20-CS.xlsx\">XXIIID<\/a> (anual)<\/li>\n<li>2do Trimestre <a href=\"https:\/\/purisimadelrincon.mx\/transparencia\/wp-content\/uploads\/LTAIPG26F2_XXIIIB-2T20-CS.xlsx\">XXIIIB<\/a>\u00a0<\/li>\n<li>3er Trimestre <a href=\"https:\/\/purisimadelrincon.mx\/transparencia\/wp-content\/uploads\/LTAIPG26F2_XXIIIB-3T20-CS.xlsx\">XXIIIB<\/a>\u00a0<\/li>\n<li>4to Trimestre <a href=\"https:\/\/purisimadelrincon.mx\/transparencia\/wp-content\/uploads\/LTAIPG26F2_XXIIIB-4T20-CS.xlsx\">XXIIIB<\/a>\u00a0<\/li>\n<\/ul>\n<h5><a href=\"https:\/\/purisimadelrincon.mx\/transparencia\/wp-content\/uploads\/LTAIPG26F2_XXIIIB-1.xlsx\">Formato Erogaci\u00f3n por prestaci\u00f3n de servicios 2019<\/a><\/h5>\n<h5><a href=\"https:\/\/purisimadelrincon.mx\/transparencia\/wp-content\/uploads\/LTAIPG26F2_XXIIIB-2018.xlsx\">Formato Erogaci\u00f3n por prestaci\u00f3n de servicios 2018<\/a><\/h5>\n<h5><a href=\"https:\/\/purisimadelrincon.mx\/transparencia\/wp-content\/uploads\/Erogaci\u00f3n-por-prestaci\u00f3n-de-servicios-2017.xlsx\">Formato Erogaci\u00f3n por prestaci\u00f3n de servicios 2017<\/a><\/h5>\n<h5><a href=\"https:\/\/purisimadelrincon.mx\/transparencia\/wp-content\/uploads\/Erogaci\u00f3n-por-prestaci\u00f3n-de-servicios-2016.xlsx\">Formato Erogaci\u00f3n por prestaci\u00f3n de servicios 2016<\/a><\/h5>\n<ul>\n<li><a href=\"https:\/\/purisimadelrincon.mx\/transparencia\/wp-content\/uploads\/LTAIPG26F1_XXIIIA.xlsx\">Gastos de publicidad oficial y utilizaci\u00f3n de los tiempos oficiales en radio y tv.<\/a><\/li>\n<li><a href=\"https:\/\/purisimadelrincon.mx\/transparencia\/wp-content\/uploads\/LTAIPG26F1_XXIIIB.xlsx\">Erogaci\u00f3n de recursos por contrataci\u00f3n de servicios.<\/a><\/li>\n<li><a href=\"https:\/\/purisimadelrincon.mx\/transparencia\/wp-content\/uploads\/LTAIPG26F3_XXIIIC.xlsx\">Gastos de publicidad oficial, hiperv\u00ednculo a informaci\u00f3n de tiempos oficiales en radio y televisi\u00f3n.<\/a><\/li>\n<li><a href=\"https:\/\/purisimadelrincon.mx\/transparencia\/wp-content\/uploads\/LTAIPG26F4_XXIIID-2018-2019.xlsx\">Formato Programa Anual de Comunicaci\u00f3n Social o equivalente<\/a><\/li>\n<li><a href=\"https:\/\/purisimadelrincon.mx\/transparencia\/wp-content\/uploads\/PLAN-ANUAL-2018.pdf\">Programa anual de Comunicaci\u00f3n Social 2018 (Adm\u00f3n. 2015-2018)<\/a><\/li>\n<li><a href=\"https:\/\/purisimadelrincon.mx\/transparencia\/wp-content\/uploads\/PLAN_DE_TRABAJO_2018_P\u00daBLICA.pdf\">Programa anual de Comunicaci\u00f3n Social 2018 (Adm\u00f3n. 2018-2021)<\/a><\/li>\n<li><a href=\"https:\/\/purisimadelrincon.mx\/transparencia\/wp-content\/uploads\/PROGRAMA_DE_TRABAJO_COMUNICACI\u00d3N_2019.pdf\">Programa anual de Comunicaci\u00f3n Social 2019<\/a><\/li>\n<li><a href=\"https:\/\/purisimadelrincon.mx\/transparencia\/wp-content\/uploads\/COMUNICACION-SOCIAL-1.pdf\">Programa anual de Comunicaci\u00f3n Social 2022<\/a><\/li>\n<li><a href=\"https:\/\/purisimadelrincon.mx\/transparencia\/wp-content\/uploads\/COMUNICACIO\u0301N-SOCIAL-2023.pdf\">Programa anual de Comunicaci\u00f3n Social 2023<\/a><\/li>\n<li><a href=\"https:\/\/purisimadelrincon.mx\/transparencia\/wp-content\/uploads\/PLAN-COMUNICACIO\u0301N-SOCIAL-2024.pdf\">Programa anual de Comunicaci\u00f3n Social 2024<\/a><\/li>\n<li><a href=\"https:\/\/purisimadelrincon.mx\/transparencia\/wp-content\/uploads\/COMUNICACION-SOCIAL-PLAN-2025.pdf\">Programa anual de Comunicaci\u00f3n Social 2025<\/a><\/li>\n<\/ul>\n<h5>\u00a0<\/h5>\n<h5><a href=\"https:\/\/purisimadelrincon.mx\/transparencia\/contratos-y-facturas-de-comunicacion-social\/\" target=\"_blank\" rel=\"noopener\"><strong>Contratos y Facturas de Comunicaci\u00f3n Social<\/strong><\/a><\/h5>\n\n\n<p><\/p>\n","protected":false},"excerpt":{"rendered":"<p>PARA LAS OBLIGACIONES DEL EJERCICIO 2022 A LA FECHA ACTUAL, CONSULTALAS EN EL SIGUIENTE BOT\u00d3N Ejercicio 2021 1er Trimestre XXIIIB y XXIIID (anual) 2do Trimestre XXIIIB\u00a0 3er Trimestre XXIIIB\u00a0 4to Trimestre XXIIIB\u00a0 Ejercicio 2020 1er Trimestre XXIIIB y XXIIID (anual) <a class=\"more-link\" href=\"https:\/\/purisimadelrincon.mx\/transparencia\/xxiii-los-montos-destinados-a-gastos-relativos-a-comunicacion-social-y-publicidad-oficial-desglosada-por-tipo-de-medio-proveedores-numero-de-contrato-y-concepto-o-campana\/\">Seguir leyendo <span class=\"screen-reader-text\">  XXIII. Los montos destinados a gastos relativos a comunicaci\u00f3n social y publicidad oficial desglosada por tipo de medio, proveedores, n\u00famero de contrato y concepto o campa\u00f1a.<\/span><span class=\"meta-nav\">&rarr;<\/span><\/a><\/p>\n","protected":false},"author":2,"featured_media":0,"parent":0,"menu_order":0,"comment_status":"closed","ping_status":"closed","template":"page-fullwidth.php","meta":{"footnotes":""},"class_list":["post-3904","page","type-page","status-publish","hentry"],"_links":{"self":[{"href":"https:\/\/purisimadelrincon.mx\/transparencia\/wp-json\/wp\/v2\/pages\/3904","targetHints":{"allow":["GET"]}}],"collection":[{"href":"https:\/\/purisimadelrincon.mx\/transparencia\/wp-json\/wp\/v2\/pages"}],"about":[{"href":"https:\/\/purisimadelrincon.mx\/transparencia\/wp-json\/wp\/v2\/types\/page"}],"author":[{"embeddable":true,"href":"https:\/\/purisimadelrincon.mx\/transparencia\/wp-json\/wp\/v2\/users\/2"}],"replies":[{"embeddable":true,"href":"https:\/\/purisimadelrincon.mx\/transparencia\/wp-json\/wp\/v2\/comments?post=3904"}],"version-history":[{"count":55,"href":"https:\/\/purisimadelrincon.mx\/transparencia\/wp-json\/wp\/v2\/pages\/3904\/revisions"}],"predecessor-version":[{"id":21490,"href":"https:\/\/purisimadelrincon.mx\/transparencia\/wp-json\/wp\/v2\/pages\/3904\/revisions\/21490"}],"wp:attachment":[{"href":"https:\/\/purisimadelrincon.mx\/transparencia\/wp-json\/wp\/v2\/media?parent=3904"}],"curies":[{"name":"wp","href":"https:\/\/api.w.org\/{rel}","templated":true}]}}