{"id":3981,"date":"2017-05-04T21:20:57","date_gmt":"2017-05-04T21:20:57","guid":{"rendered":"http:\/\/localhost\/transparencia\/?page_id=3981"},"modified":"2018-02-22T19:09:03","modified_gmt":"2018-02-22T19:09:03","slug":"xxi-presupuesto","status":"publish","type":"page","link":"https:\/\/purisimadelrincon.mx\/transparencia\/xxi-presupuesto\/","title":{"rendered":"XXI. Presupuesto &#8211; Presidencia Municipal"},"content":{"rendered":"<p>&nbsp;<\/p>\n<h3>Presupuesto 2018<\/h3>\n<ul>\n<li><a href=\"https:\/\/purisimadelrincon.mx\/transparencia\/wp-content\/uploads\/Presupuesto-2018-Inicial.zip\">Presupuesto 2018 1er Modificaci\u00f3n <\/a><\/li>\n<\/ul>\n<p>&nbsp;<\/p>\n<p>&nbsp;<\/p>\n<h3>Presupuesto 2017<\/h3>\n<ul>\n<li><a href=\"https:\/\/purisimadelrincon.mx\/transparencia\/wp-content\/uploads\/Presupuesto-2017-1er-Modificion.zip\">Presupuesto 2017 1er Modificaci\u00f3n <\/a><\/li>\n<li><a href=\"https:\/\/purisimadelrincon.mx\/transparencia\/wp-content\/uploads\/Presupuesto-2017-2da-modif.zip\">Presupuesto 2017 2da Modificaci\u00f3n<\/a><\/li>\n<li><a href=\"https:\/\/purisimadelrincon.mx\/transparencia\/wp-content\/uploads\/Presupuesto-2017-3er-modif.zip\">Presupuesto 2017 3er Modificaci\u00f3n<\/a><\/li>\n<\/ul>\n<p>&nbsp;<\/p>\n<p><!--more--><\/p>\n<h3>Presupuesto 2016<\/h3>\n<ul>\n<li><a href=\"https:\/\/purisimadelrincon.mx\/transparencia\/wp-content\/uploads\/Presupuesto-2016-5ta-Modificacion.zip\">Presupuesto 2016 5ta Modificaci\u00f3n <\/a><\/li>\n<\/ul>\n<h6>\u00a0<strong>Presupuesto de Ingresos y Egresos para el Ejercicio Fiscal 2016<\/strong><\/h6>\n<ul>\n<li>PDF\u00a0<a href=\"https:\/\/purisimadelrincon.mx\/transparencia\/wp-content\/uploads\/INGRE-PRESUP-CTA-P-2016-4ta-MODIF-aprobado.pdf\" target=\"_blank\" rel=\"noopener\">Pronostico de Ingresos para el ejercicio fiscal 2016 4ta modificaci\u00f3n.<\/a><\/li>\n<li>PDF\u00a0<a href=\"https:\/\/purisimadelrincon.mx\/transparencia\/wp-content\/uploads\/EGRE-PRESUP-CTA-P-2016-4ta-MODIF-aprobado.pdf\" target=\"_blank\" rel=\"noopener\">Presupuesto de Egresos para el ejercicio fiscal 2016 4ta modificaci\u00f3n.<\/a><\/li>\n<li>PDF\u00a0<a href=\"https:\/\/purisimadelrincon.mx\/transparencia\/wp-content\/uploads\/1-PRESUP-CTA-P-2016-4ta-modif-OBJETO-DEL-G-aprobado.pdf\" target=\"_blank\" rel=\"noopener\">Presupuesto de Egresos para el ejercicio fiscal 2016 por objeto del gasto 4ta modificaci\u00f3n.<\/a><\/li>\n<li>PDF\u00a0<a href=\"https:\/\/purisimadelrincon.mx\/transparencia\/wp-content\/uploads\/INGRE-PRESUP-16-CTA-P-3RA-MODIF-agt-APROBADO.pdf\" target=\"_blank\" rel=\"noopener\">Pronostico de Ingresos para el ejercicio fiscal 2016 3ra modificaci\u00f3n<\/a>.<\/li>\n<li>PDF\u00a0<a href=\"https:\/\/purisimadelrincon.mx\/transparencia\/wp-content\/uploads\/EGRE-PRESUP-16-CTA-P-3RA-MODIF-agt-APROBADO.pdf\" target=\"_blank\" rel=\"noopener\">Presupuesto de Egresos para el ejercicio fiscal 2016 3ra modificaci\u00f3n.<\/a><\/li>\n<li>PDF\u00a0<a href=\"https:\/\/purisimadelrincon.mx\/transparencia\/wp-content\/uploads\/3-PRESUP-16-CTA-P-por-objeto-del-g-Agt.pdf\" target=\"_blank\" rel=\"noopener\">Presupuesto de Egresos para el ejercicio fiscal 2016 por objeto del gasto 3ra modificaci\u00f3n.<\/a><\/li>\n<li>PDF\u00a0<a href=\"https:\/\/purisimadelrincon.mx\/transparencia\/wp-content\/uploads\/INGRE-PRESUPUESTO-CTA-P-2da-modif-APROBADO.pdf\" target=\"_blank\" rel=\"noopener\">Pronostico de Ingresos para el ejercicio fiscal 2016 2da modificaci\u00f3n<\/a>.<\/li>\n<li>PDF\u00a0<a href=\"https:\/\/purisimadelrincon.mx\/transparencia\/wp-content\/uploads\/EGRE-PRESUPUESTO-CTA-P-2da-modif-APROBADO.pdf\" target=\"_blank\" rel=\"noopener\">Presupuesto de Egresos para el ejercicio fiscal 2016 2da modificaci\u00f3n.<\/a><\/li>\n<li>PDF\u00a0<a href=\"https:\/\/purisimadelrincon.mx\/transparencia\/wp-content\/uploads\/3-PRESU-CTA-P-POR-OBJETO-DEL-GASTO-2da-modif-2016.pdf\" target=\"_blank\" rel=\"noopener\">Presupuesto de Egresos para el ejercicio fiscal 2016 por objeto del gasto 2da modificaci\u00f3n.<\/a><\/li>\n<li>PDF\u00a0<a href=\"https:\/\/purisimadelrincon.mx\/transparencia\/wp-content\/uploads\/PRESUPUESTO-INGRESOS-2016-CTA-PUB-1er-modif-FEB.pdf\">Pronostico de Ingresos para el ejercicio fiscal 2016 1ra modificaci\u00f3n<\/a>.<\/li>\n<li>PDF\u00a0<a href=\"https:\/\/purisimadelrincon.mx\/transparencia\/wp-content\/uploads\/PRESUPUESTO-EGRESOS-2016-CTA-PUB-1er-modif-FEB.pdf\">Presupuesto de Egresos para el ejercicio fiscal 2016 1ra modificaci\u00f3n.<\/a><\/li>\n<li>PDF\u00a0<a href=\"https:\/\/purisimadelrincon.mx\/transparencia\/wp-content\/uploads\/1-PRESUP-CTA-PUBLICA-Inicial-ENERO-2016-APROBADO-ingresos.pdf\">Pronostico de Ingresos para el ejercicio fiscal 2016<\/a>.<\/li>\n<li>PDF\u00a0<a href=\"https:\/\/purisimadelrincon.mx\/transparencia\/wp-content\/uploads\/1-PRESUP-CTA-PUBLICA-Inicial-ENERO-2016-APROBADO-egresos.pdf\">Presupuesto de Egresos para el ejercicio fiscal 2016.<\/a><\/li>\n<li>PDF\u00a0<a href=\"https:\/\/purisimadelrincon.mx\/transparencia\/wp-content\/uploads\/2-PRESUP-CTA-PUBLICA-Inicial-ENERO-2016-por-objeto-del-gasto.pdf\">Presupuesto de Egresos para el ejercicio fiscal 2016 por objeto del gasto.<\/a><\/li>\n<\/ul>\n<p>&nbsp;<\/p>\n<h6><strong>Presupuesto de Ingresos y Egresos del Ejercicio Fiscal 2016 Ramo 33<br \/>\n<\/strong><\/h6>\n<ul>\n<li>PDF\u00a0<a href=\"https:\/\/purisimadelrincon.mx\/transparencia\/wp-content\/uploads\/INGRE-PRESUP-RAMO-33-16-4ta-MOD-aprobado.pdf\" target=\"_blank\" rel=\"noopener\">Presupuesto de Ingresos para el ejercicio fiscal de 2016 Ramo 33 4ta modificaci\u00f3n.<\/a><\/li>\n<li>PDF\u00a0<a href=\"https:\/\/purisimadelrincon.mx\/transparencia\/wp-content\/uploads\/EGRE-PRESUP-RAMO-33-16-4ta-MOD-aprobado.pdf\" target=\"_blank\" rel=\"noopener\">Presupuesto de Egresos para el ejercicio fiscal de 2016 Ramo 33 4ta modificaci\u00f3n<\/a>.<\/li>\n<li>PDF\u00a0<a href=\"https:\/\/purisimadelrincon.mx\/transparencia\/wp-content\/uploads\/INGRE-PRESUP-16-RAMO-33-3ER-MODIF-agt-APROBADO.pdf\" target=\"_blank\" rel=\"noopener\">Presupuesto de Ingresos para el ejercicio fiscal de 2016 Ramo 33 3ra modificaci\u00f3n<\/a>.<\/li>\n<li>PDF\u00a0<a href=\"https:\/\/purisimadelrincon.mx\/transparencia\/wp-content\/uploads\/EGRE-PRESUP-16-RAMO-33-3ER-MODIF-agt-APROBADO.pdf\" target=\"_blank\" rel=\"noopener\">Presupuesto de Egresos para el ejercicio fiscal de 2016 Ramo 33 3ra modificaci\u00f3n<\/a>.<\/li>\n<li>PDF\u00a0<a href=\"https:\/\/purisimadelrincon.mx\/transparencia\/wp-content\/uploads\/INGRE-PRESUPUESTO-RAMO-33-2016-2da-modif-APROBADO.pdf\" target=\"_blank\" rel=\"noopener\">Presupuesto de Ingresos para el ejercicio fiscal de 2016 Ramo 33 2da modificaci\u00f3n<\/a>.<\/li>\n<li>PDF\u00a0<a href=\"https:\/\/purisimadelrincon.mx\/transparencia\/wp-content\/uploads\/EGRE-PRESUPUESTO-RAMO-33-2016-2da-modif-APROBADO.pdf\" target=\"_blank\" rel=\"noopener\">Presupuesto de Egresos para el ejercicio fiscal de 2016 Ramo 33 2da modificaci\u00f3n<\/a>.<\/li>\n<li>PDF\u00a0<a href=\"https:\/\/purisimadelrincon.mx\/transparencia\/wp-content\/uploads\/PRESUPUESTO-ING-2016-RAMO-33-1er-modif-FEB.pdf\">Presupuesto de Ingresos para el ejercicio fiscal de 2016 Ramo 33 1ra modificaci\u00f3n<\/a>.<\/li>\n<li>PDF\u00a0<a href=\"https:\/\/purisimadelrincon.mx\/transparencia\/wp-content\/uploads\/PRESUPUESTO-EGR-2016-RAMO-33-1er-modif-FEB.pdf\">Presupuesto de Egresos para el ejercicio fiscal de 2016 Ramo 33 1ra modificaci\u00f3n.<\/a><\/li>\n<li>PDF\u00a0<a href=\"https:\/\/purisimadelrincon.mx\/transparencia\/wp-content\/uploads\/3-PRESUP-RAMO-33-inicial-ENERO-2016-APROBADO-ingresos.pdf\">Presupuesto de Ingresos para el ejercicio fiscal de 2016 Ramo 33.<\/a><\/li>\n<li>PDF\u00a0<a href=\"https:\/\/purisimadelrincon.mx\/transparencia\/wp-content\/uploads\/3-PRESUP-RAMO-33-inicial-ENERO-2016-APROBADO.pdf\">Presupuesto de Egresos para el ejercicio fiscal de 2016 Ramo 33<\/a>.<\/li>\n<\/ul>\n<p>&nbsp;<\/p>\n<p>&nbsp;<\/p>\n<h3>Presupuesto 2015<\/h3>\n<h6><strong>Presupuesto de Ingresos y Egresos para el Ejercicio Fiscal 2015<\/strong><\/h6>\n<ul>\n<li>PDF\u00a0<a href=\"https:\/\/purisimadelrincon.mx\/transparencia\/wp-content\/uploads\/Ingresos-CTA-PUB-2DA-modif-2015.pdf\">Pronostico de Ingresos para el ejercicio fiscal 2015 2da modificaci\u00f3n<\/a><\/li>\n<li>PDF\u00a0<a href=\"https:\/\/purisimadelrincon.mx\/transparencia\/wp-content\/uploads\/Egresos-CTA-PUB-2DA-modif-2015.pdf\">Presupuesto de Egresos para el ejercicio fiscal 2015 2da modificaci\u00f3n<\/a><\/li>\n<li>PDF\u00a0<a href=\"https:\/\/purisimadelrincon.mx\/transparencia\/wp-content\/uploads\/Ingresos-CTA-P-2015-1er-modif.pdf\">Pronostico de Ingresos para el ejercicio fiscal 2015 1ra modificaci\u00f3n<\/a><\/li>\n<li>PDF\u00a0<a href=\"https:\/\/purisimadelrincon.mx\/transparencia\/wp-content\/uploads\/Egresos-CTA-P-2015-1er-modif.pdf\">Presupuesto de Egresos para el ejercicio fiscal 2015 1ra modificaci\u00f3n<\/a><\/li>\n<li>PDF\u00a0<a href=\"https:\/\/purisimadelrincon.mx\/transparencia\/wp-content\/uploads\/Cta-Pub2015-Ingresos-INICIAL-APROBADO.pdf\">Pronostico de Ingresos 2015<\/a><\/li>\n<li>PDF\u00a0<a href=\"https:\/\/purisimadelrincon.mx\/transparencia\/wp-content\/uploads\/Cta-Pub2015-Egresos-INICIAL-APROBADO.pdf\">Presupuesto de Egresos 2015<\/a><\/li>\n<li>PDF\u00a0<a href=\"https:\/\/purisimadelrincon.mx\/transparencia\/wp-content\/uploads\/resumenEgresos2015.pdf\" target=\"_blank\" rel=\"noopener\">Resumen para publicaci\u00f3n del Presupuesto de Egresos 2015<\/a><\/li>\n<\/ul>\n<p><strong>Presupuesto de Ingresos y Egresos del Ejercicio Fiscal 2015 Ramo 33 <\/strong><\/p>\n<ul>\n<li>PDF\u00a0<a href=\"https:\/\/purisimadelrincon.mx\/transparencia\/wp-content\/uploads\/PRESUP-RAMO-33-1ER-MODIF-ABRIL-ingre-2015.pdf\">Presupuesto de Ingresos para el ejercicio fiscal de 2015 Ramo 33 1ra modificaci\u00f3n<\/a><\/li>\n<li>PDF\u00a0<a href=\"https:\/\/purisimadelrincon.mx\/transparencia\/wp-content\/uploads\/PRESUP-RAMO-33-1ER-MODIF-ABRIL-egre-2015.pdf\">Presupuesto de Egresos para el ejercicio fiscal de 2015 Ramo 33\u00a01ra modificaci\u00f3n<\/a><\/li>\n<li>PDF\u00a0<a href=\"https:\/\/purisimadelrincon.mx\/transparencia\/wp-content\/uploads\/RAMO-33-2015-INICIAL-inicial-ingre.pdf\">Presupuesto de Ingresos para el ejercicio fiscal de 2015 Ramo 33<\/a><\/li>\n<li>PDF\u00a0<a href=\"https:\/\/purisimadelrincon.mx\/transparencia\/wp-content\/uploads\/RAMO-33-2015-INICIAL-inicial-egre.pdf\">Presupuesto de Egresos para el ejercicio fiscal de 2015 Ramo 33<\/a><\/li>\n<\/ul>\n<p>&nbsp;<\/p>\n<h3>Presupuesto 2014<\/h3>\n<h6><strong>Presupuesto de Ingresos y Egresos del Ejercicio Fiscal 2014 Ramo 33<br \/>\n<\/strong><\/h6>\n<ul>\n<li>PDF <a href=\"https:\/\/purisimadelrincon.mx\/transparencia\/wp-content\/uploads\/IngresosRamoXXXIII2014.pdf\" target=\"_blank\" rel=\"noopener\">Presupuesto de Ingresos para el ejercicio fiscal de 2014 Ramo 33<\/a><\/li>\n<li>PDF <a href=\"https:\/\/purisimadelrincon.mx\/transparencia\/wp-content\/uploads\/EgresosRamoXXXIII2014.pdf\" target=\"_blank\" rel=\"noopener\">Presupuesto de Egresos para el ejercicio fiscal de 2014 Ramo 33<\/a><\/li>\n<\/ul>\n<h6><strong>Presupuesto de Ingresos y Egresos del Ejercicio Fiscal 2014<br \/>\n<\/strong><\/h6>\n<ul>\n<li>PDF <a href=\"https:\/\/purisimadelrincon.mx\/transparencia\/wp-content\/uploads\/Ingresos2damod2014.pdf\" target=\"_blank\" rel=\"noopener\">Pronostico de Ingresos para el ejercicio fiscal 2014 2da modificaci\u00f3n<\/a><\/li>\n<li>PDF <a href=\"https:\/\/purisimadelrincon.mx\/transparencia\/wp-content\/uploads\/Egresos2damod2014.pdf\" target=\"_blank\" rel=\"noopener\">Presupuesto de Egresos para el ejercicio fiscal 2014 2da modificaci\u00f3n <\/a><\/li>\n<\/ul>\n<ul>\n<li>PDF\u00a0<a href=\"https:\/\/purisimadelrincon.mx\/transparencia\/wp-content\/uploads\/2014\/05\/INGRESOS-2014.pdf\" target=\"_blank\" rel=\"noopener\">Presupuesto de Ingresos 2014<\/a><\/li>\n<li>PDF\u00a0<a href=\"https:\/\/purisimadelrincon.mx\/transparencia\/wp-content\/uploads\/2014\/05\/Egresos2014.pdf\" target=\"_blank\" rel=\"noopener\">Presupuesto de Egresos 2014<\/a><\/li>\n<li>PDF <a href=\"https:\/\/purisimadelrincon.mx\/transparencia\/wp-content\/uploads\/2014\/05\/ResumenEgresos2014.pdf\" target=\"_blank\" rel=\"noopener\">Resumen para publicaci\u00f3n del Presupuesto de Egresos 2014<\/a><\/li>\n<\/ul>\n<p>&nbsp;<\/p>\n<h3>Presupuesto 2013<\/h3>\n<h3><strong>\u00a0<\/strong><strong>Presupuesto de Ingresos y Egresos del Ejercicio Fiscal 2013<br \/>\n<\/strong><\/h3>\n<ul>\n<li>PDF\u00a0<a href=\"https:\/\/purisimadelrincon.mx\/transparencia\/wp-content\/uploads\/2013\/07\/Ingresos20132damod.pdf\" target=\"_blank\" rel=\"noopener\">Presupuesto de Ingresos 2013 2da modificaci\u00f3n<\/a><\/li>\n<li>PDF\u00a0<a href=\"https:\/\/purisimadelrincon.mx\/transparencia\/wp-content\/uploads\/2013\/07\/Egresos20132damod.pdf\" target=\"_blank\" rel=\"noopener\">Presupuesto de Egresos 2013 2da modificaci\u00f3n<\/a><\/li>\n<\/ul>\n<p>&nbsp;<\/p>\n<p>&nbsp;<\/p>\n<p>&nbsp;<\/p>\n","protected":false},"excerpt":{"rendered":"<p>&nbsp; Presupuesto 2018 Presupuesto 2018 1er Modificaci\u00f3n &nbsp; &nbsp; Presupuesto 2017 Presupuesto 2017 1er Modificaci\u00f3n Presupuesto 2017 2da Modificaci\u00f3n Presupuesto 2017 3er Modificaci\u00f3n &nbsp;<\/p>\n","protected":false},"author":2,"featured_media":0,"parent":0,"menu_order":0,"comment_status":"closed","ping_status":"closed","template":"","meta":{"footnotes":""},"class_list":["post-3981","page","type-page","status-publish","hentry"],"_links":{"self":[{"href":"https:\/\/purisimadelrincon.mx\/transparencia\/wp-json\/wp\/v2\/pages\/3981","targetHints":{"allow":["GET"]}}],"collection":[{"href":"https:\/\/purisimadelrincon.mx\/transparencia\/wp-json\/wp\/v2\/pages"}],"about":[{"href":"https:\/\/purisimadelrincon.mx\/transparencia\/wp-json\/wp\/v2\/types\/page"}],"author":[{"embeddable":true,"href":"https:\/\/purisimadelrincon.mx\/transparencia\/wp-json\/wp\/v2\/users\/2"}],"replies":[{"embeddable":true,"href":"https:\/\/purisimadelrincon.mx\/transparencia\/wp-json\/wp\/v2\/comments?post=3981"}],"version-history":[{"count":15,"href":"https:\/\/purisimadelrincon.mx\/transparencia\/wp-json\/wp\/v2\/pages\/3981\/revisions"}],"predecessor-version":[{"id":4980,"href":"https:\/\/purisimadelrincon.mx\/transparencia\/wp-json\/wp\/v2\/pages\/3981\/revisions\/4980"}],"wp:attachment":[{"href":"https:\/\/purisimadelrincon.mx\/transparencia\/wp-json\/wp\/v2\/media?parent=3981"}],"curies":[{"name":"wp","href":"https:\/\/api.w.org\/{rel}","templated":true}]}}