{"id":4040,"date":"2017-05-05T15:05:45","date_gmt":"2017-05-05T15:05:45","guid":{"rendered":"http:\/\/localhost\/transparencia\/?page_id=4040"},"modified":"2018-11-06T20:09:15","modified_gmt":"2018-11-06T20:09:15","slug":"dif-presupuesto","status":"publish","type":"page","link":"https:\/\/purisimadelrincon.mx\/transparencia\/dif-presupuesto\/","title":{"rendered":"XXI. Sistema Municipal del Desarrollo de la Familia (DIF) &#8211; Presupuesto"},"content":{"rendered":"<h3><strong>Presupuesto<br \/>\n<\/strong><\/h3>\n<ul>\n<li><a href=\"https:\/\/purisimadelrincon.mx\/transparencia\/wp-content\/uploads\/FORM.-ANTEPROY-2016.xlsx\">Formato de Anteproyecto 2016<\/a><\/li>\n<\/ul>\n<p><!--StartFragment--><strong>Presupuesto de Ingresos y Egresos DIF Municipal 2018<\/strong><!--EndFragment--><\/p>\n<ul>\n<li><a href=\"https:\/\/purisimadelrincon.mx\/transparencia\/wp-content\/uploads\/DIF-InformacionFinanciera_presupuesto-INICIAL.xlsx\">Presupuesto inicial<\/a><\/li>\n<\/ul>\n<p>&nbsp;<\/p>\n<p><strong>Presupuesto de Ingresos y Egresos DIF Municipal 2016<\/strong><\/p>\n<ul>\n<li><a href=\"https:\/\/purisimadelrincon.mx\/transparencia\/wp-content\/uploads\/DIF-Presupuesto-5ta-modificaci\u00f3n.zip\">DIF Presupuesto 5ta modificaci\u00f3n<\/a><\/li>\n<li><a href=\"https:\/\/purisimadelrincon.mx\/transparencia\/wp-content\/uploads\/DIF-Presupuesto-4ta-modificaci\u00f3n.zip\">DIF Presupuesto 4ta modificaci\u00f3n<\/a><\/li>\n<li><a href=\"https:\/\/purisimadelrincon.mx\/transparencia\/wp-content\/uploads\/DIF-Presupuesto-3er-modificaci\u00f3n.zip\">DIF Presupuesto 3er modificaci\u00f3n<\/a><\/li>\n<li><a href=\"https:\/\/purisimadelrincon.mx\/transparencia\/wp-content\/uploads\/DIF-Presupuesto-2da-modificaci\u00f3.zip\">DIF Presupuesto 2da modificaci\u00f3n<\/a><\/li>\n<li><a href=\"https:\/\/purisimadelrincon.mx\/transparencia\/wp-content\/uploads\/DIF-Presupuesto-1er-modificaci\u00f3n.zip\">DIF Presupuesto 1er modificaci\u00f3n<\/a><\/li>\n<\/ul>\n<p>&nbsp;<\/p>\n<p><strong>Presupuesto de Ingresos y Egresos DIF Municipal 2015<\/strong><\/p>\n<ul>\n<li>PDF\u00a0<a href=\"https:\/\/purisimadelrincon.mx\/transparencia\/wp-content\/uploads\/INGRE-2015-3ra-modificaion.pdf\">Pron\u00f3stico de Ingresos 2015\u00a03ra modificaci\u00f3n<\/a><\/li>\n<li>PDF\u00a0<a href=\"https:\/\/purisimadelrincon.mx\/transparencia\/wp-content\/uploads\/EGRE-2015-3ra-modificaion.pdf\">Pron\u00f3stico de Egresos 2015\u00a03ra modificaci\u00f3n<\/a><\/li>\n<\/ul>\n<ul>\n<li>PDF\u00a0Pron\u00f3stico de Ingresos 2015<\/li>\n<li>PDF\u00a0<a href=\"https:\/\/purisimadelrincon.mx\/transparencia\/?attachment_id=1747\">Pron\u00f3stico de Egresos 2015<\/a><\/li>\n<\/ul>\n<p>&nbsp;<\/p>\n<h3><strong>Presupuesto 2014<\/strong><\/h3>\n<p><strong>Presupuesto de Ingresos y Egresos DIF Municipal 2014<\/strong><\/p>\n<ul>\n<li>PDF <a href=\"https:\/\/purisimadelrincon.mx\/transparencia\/wp-content\/uploads\/Ingresos3ramod_DIF_2014.pdf\" target=\"_blank\" rel=\"noopener\">Pron\u00f3stico de Ingresos 2014 3ra modificaci\u00f3n<\/a><\/li>\n<li>PDF <a href=\"https:\/\/purisimadelrincon.mx\/transparencia\/wp-content\/uploads\/Egresos3ramod_DIF_2014.pdf\" target=\"_blank\" rel=\"noopener\">Pron\u00f3stico de Egresos 2014 3ra modificaci\u00f3n<\/a><\/li>\n<\/ul>\n<ul>\n<li><span style=\"font-size: 14px;\">PDF\u00a0<\/span><a href=\"https:\/\/purisimadelrincon.mx\/transparencia\/wp-content\/uploads\/2014\/05\/Ingresos_DIF_Abril2014.pdf\" target=\"_blank\" rel=\"noopener\">Pron\u00f3stico de Ingresos 2014<\/a><\/li>\n<li><span style=\"font-size: 14px;\">PDF\u00a0<\/span><a href=\"https:\/\/purisimadelrincon.mx\/transparencia\/wp-content\/uploads\/2014\/05\/Egresos_DIF_Abril2014.pdf\" target=\"_blank\" rel=\"noopener\">Pron\u00f3stico de Egresos 2014<\/a><\/li>\n<\/ul>\n<p>&nbsp;<\/p>\n<p>&nbsp;<\/p>\n<p>&nbsp;<\/p>\n","protected":false},"excerpt":{"rendered":"<p>Presupuesto Formato de Anteproyecto 2016 Presupuesto de Ingresos y Egresos DIF Municipal 2018 Presupuesto inicial &nbsp; Presupuesto de Ingresos y Egresos DIF Municipal 2016 DIF Presupuesto 5ta modificaci\u00f3n DIF Presupuesto 4ta modificaci\u00f3n DIF Presupuesto 3er modificaci\u00f3n DIF Presupuesto 2da modificaci\u00f3n <a class=\"more-link\" href=\"https:\/\/purisimadelrincon.mx\/transparencia\/dif-presupuesto\/\">Seguir leyendo <span class=\"screen-reader-text\">  XXI. Sistema Municipal del Desarrollo de la Familia (DIF) &#8211; Presupuesto<\/span><span class=\"meta-nav\">&rarr;<\/span><\/a><\/p>\n","protected":false},"author":2,"featured_media":0,"parent":0,"menu_order":0,"comment_status":"closed","ping_status":"closed","template":"","meta":{"footnotes":""},"class_list":["post-4040","page","type-page","status-publish","hentry"],"_links":{"self":[{"href":"https:\/\/purisimadelrincon.mx\/transparencia\/wp-json\/wp\/v2\/pages\/4040","targetHints":{"allow":["GET"]}}],"collection":[{"href":"https:\/\/purisimadelrincon.mx\/transparencia\/wp-json\/wp\/v2\/pages"}],"about":[{"href":"https:\/\/purisimadelrincon.mx\/transparencia\/wp-json\/wp\/v2\/types\/page"}],"author":[{"embeddable":true,"href":"https:\/\/purisimadelrincon.mx\/transparencia\/wp-json\/wp\/v2\/users\/2"}],"replies":[{"embeddable":true,"href":"https:\/\/purisimadelrincon.mx\/transparencia\/wp-json\/wp\/v2\/comments?post=4040"}],"version-history":[{"count":13,"href":"https:\/\/purisimadelrincon.mx\/transparencia\/wp-json\/wp\/v2\/pages\/4040\/revisions"}],"predecessor-version":[{"id":6242,"href":"https:\/\/purisimadelrincon.mx\/transparencia\/wp-json\/wp\/v2\/pages\/4040\/revisions\/6242"}],"wp:attachment":[{"href":"https:\/\/purisimadelrincon.mx\/transparencia\/wp-json\/wp\/v2\/media?parent=4040"}],"curies":[{"name":"wp","href":"https:\/\/api.w.org\/{rel}","templated":true}]}}