{"id":6729,"date":"2019-06-13T20:01:24","date_gmt":"2019-06-13T20:01:24","guid":{"rendered":"http:\/\/localhost\/transparencia\/?page_id=6729"},"modified":"2021-12-16T18:38:27","modified_gmt":"2021-12-16T18:38:27","slug":"servicios-que-ofrece-el-sujeto-obligado-2019","status":"publish","type":"page","link":"https:\/\/purisimadelrincon.mx\/transparencia\/servicios-que-ofrece-el-sujeto-obligado-2019\/","title":{"rendered":"XIX. Servicios que ofrece el sujeto obligado 2019"},"content":{"rendered":"<h4><a href=\"https:\/\/purisimadelrincon.mx\/transparencia\/wp-content\/uploads\/LTAIPG26F1_XIX-201906-Archivo.xlsx\">Archivo General Municipal<\/a><\/h4>\n<h4><a href=\"https:\/\/purisimadelrincon.mx\/transparencia\/wp-content\/uploads\/LTAIPG26F1_XIX-201906-CasaCultura.xlsx\">Casa de la Cultura \u00abHermenegildo Bustos\u00bb<\/a><\/h4>\n<h4><a href=\"https:\/\/purisimadelrincon.mx\/transparencia\/wp-content\/uploads\/LTAIPG26F1_XIX-201906-Comude.xlsx\">COMUDE<\/a><\/h4>\n<h4><a href=\"https:\/\/purisimadelrincon.mx\/transparencia\/wp-content\/uploads\/LTAIPG26F1_XIX-201906-Contraloria.xlsx\">Contralor\u00eda Municipal<\/a><\/h4>\n<h4><a href=\"https:\/\/purisimadelrincon.mx\/transparencia\/wp-content\/uploads\/LTAIPG26F1_XIX-201906-Juventud.xlsx\">Coordinaci\u00f3n de la Juventud<\/a><\/h4>\n<h4><a href=\"https:\/\/purisimadelrincon.mx\/transparencia\/wp-content\/uploads\/LTAIPG26F1_XIX-201906-Mujer.xlsx\">Coordinaci\u00f3n de la Mujer<\/a><\/h4>\n<h4><a href=\"https:\/\/purisimadelrincon.mx\/transparencia\/wp-content\/uploads\/LTAIPG26F1_XIX-201906-Econo.xlsx\">Desarrollo Econ\u00f3mico y Turismo<\/a><\/h4>\n<h4><a href=\"https:\/\/purisimadelrincon.mx\/transparencia\/wp-content\/uploads\/LTAIPG26F1_XIX-201906-Social.xlsx\">Desarrollo Social<\/a><\/h4>\n<h4><a href=\"https:\/\/purisimadelrincon.mx\/transparencia\/wp-content\/uploads\/LTAIPG26F1_XIX.xlsx\">Educaci\u00f3n Municipal<\/a><\/h4>\n<h4><a href=\"https:\/\/purisimadelrincon.mx\/transparencia\/wp-content\/uploads\/LTAIPG26F1_XIX-201906-Fisca.xlsx\">Fiscalizaci\u00f3n y control<\/a><\/h4>\n<h4><a href=\"https:\/\/purisimadelrincon.mx\/transparencia\/wp-content\/uploads\/LTAIPG26F1_XIX-201906-Ecologia.xlsx\">Medio ambiente y Ecolog\u00eda<\/a><\/h4>\n<h4><a href=\"https:\/\/purisimadelrincon.mx\/transparencia\/wp-content\/uploads\/LTAIPG26F1_XIX-Rastro.xlsx\">Rastro Municipal<\/a><\/h4>\n<h4><a href=\"https:\/\/purisimadelrincon.mx\/transparencia\/wp-content\/uploads\/LTAIPG26F1_XIX-201906-Servicios.xlsx\">Servicios Municipales<\/a><\/h4>\n<h4><a href=\"https:\/\/purisimadelrincon.mx\/transparencia\/wp-content\/uploads\/LTAIPG26F1_XIX-201906.xlsx\">Tesorer\u00eda Municipal<\/a><\/h4>\n","protected":false},"excerpt":{"rendered":"<p>Archivo General Municipal Casa de la Cultura \u00abHermenegildo Bustos\u00bb COMUDE Contralor\u00eda Municipal Coordinaci\u00f3n de la Juventud Coordinaci\u00f3n de la Mujer Desarrollo Econ\u00f3mico y Turismo Desarrollo Social Educaci\u00f3n Municipal Fiscalizaci\u00f3n y control Medio ambiente y Ecolog\u00eda Rastro Municipal Servicios Municipales Tesorer\u00eda <a class=\"more-link\" href=\"https:\/\/purisimadelrincon.mx\/transparencia\/servicios-que-ofrece-el-sujeto-obligado-2019\/\">Seguir leyendo <span class=\"screen-reader-text\">  XIX. Servicios que ofrece el sujeto obligado 2019<\/span><span class=\"meta-nav\">&rarr;<\/span><\/a><\/p>\n","protected":false},"author":2,"featured_media":0,"parent":0,"menu_order":0,"comment_status":"closed","ping_status":"closed","template":"","meta":{"footnotes":""},"class_list":["post-6729","page","type-page","status-publish","hentry"],"_links":{"self":[{"href":"https:\/\/purisimadelrincon.mx\/transparencia\/wp-json\/wp\/v2\/pages\/6729","targetHints":{"allow":["GET"]}}],"collection":[{"href":"https:\/\/purisimadelrincon.mx\/transparencia\/wp-json\/wp\/v2\/pages"}],"about":[{"href":"https:\/\/purisimadelrincon.mx\/transparencia\/wp-json\/wp\/v2\/types\/page"}],"author":[{"embeddable":true,"href":"https:\/\/purisimadelrincon.mx\/transparencia\/wp-json\/wp\/v2\/users\/2"}],"replies":[{"embeddable":true,"href":"https:\/\/purisimadelrincon.mx\/transparencia\/wp-json\/wp\/v2\/comments?post=6729"}],"version-history":[{"count":17,"href":"https:\/\/purisimadelrincon.mx\/transparencia\/wp-json\/wp\/v2\/pages\/6729\/revisions"}],"predecessor-version":[{"id":10368,"href":"https:\/\/purisimadelrincon.mx\/transparencia\/wp-json\/wp\/v2\/pages\/6729\/revisions\/10368"}],"wp:attachment":[{"href":"https:\/\/purisimadelrincon.mx\/transparencia\/wp-json\/wp\/v2\/media?parent=6729"}],"curies":[{"name":"wp","href":"https:\/\/api.w.org\/{rel}","templated":true}]}}