{"id":7105,"date":"2019-09-13T15:52:47","date_gmt":"2019-09-13T15:52:47","guid":{"rendered":"http:\/\/localhost\/transparencia\/?page_id=7105"},"modified":"2020-01-17T18:56:46","modified_gmt":"2020-01-17T18:56:46","slug":"xxviii-relacion-de-contratos-2019","status":"publish","type":"page","link":"https:\/\/purisimadelrincon.mx\/transparencia\/xxviii-relacion-de-contratos-2019\/","title":{"rendered":"XXVIII. Relaci\u00f3n de Contratos 2019"},"content":{"rendered":"<ul>\n<li><a href=\"https:\/\/purisimadelrincon.mx\/transparencia\/wp-content\/uploads\/01-ALUMBRADO-EN-EL-PEDERNAL.pdf\">001 ALUMBRADO EN EL PEDERNAL<\/a><\/li>\n<li><a href=\"https:\/\/purisimadelrincon.mx\/transparencia\/wp-content\/uploads\/02-DENAJE-SANITARIO-ANENECUILCO.pdf\">002 DRENAJE SANITARIO ANENECUILCO<\/a><\/li>\n<li><a href=\"https:\/\/purisimadelrincon.mx\/transparencia\/wp-content\/uploads\/03-CAMINO-AL-SAUCILLO.pdf\">003 CAMINO AL SAUCILLO<\/a><\/li>\n<li><a href=\"https:\/\/purisimadelrincon.mx\/transparencia\/wp-content\/uploads\/04-CAMINO-TECOLOTE-A-PUERTA-DE-JALPA.pdf\">004 CAMINO TECOLOTE A PUERTA DE JALPA<\/a><\/li>\n<li><a href=\"https:\/\/purisimadelrincon.mx\/transparencia\/wp-content\/uploads\/05-PAVIMENTACION-CALLE-AZUCENA.pdf\">005 PAVIMENTACI\u00d3N CALLE AZUCENA<\/a><\/li>\n<li><a href=\"https:\/\/purisimadelrincon.mx\/transparencia\/wp-content\/uploads\/06-ELECTRICA-OBELISCO.pdf\">006\u00a0 EL\u00c9CTRICA OBELISCO<\/a><\/li>\n<li><a href=\"https:\/\/purisimadelrincon.mx\/transparencia\/wp-content\/uploads\/07-ELECTRICA-RUBEN-JARAMILLO.pdf\">007 EL\u00c9CTRICA RUBEN JARAMILLO<\/a><\/li>\n<li><a href=\"https:\/\/purisimadelrincon.mx\/transparencia\/wp-content\/uploads\/008-ELECTRICA-ALCATRAZMANZANILLA-Y-AZUCENA.pdf\">008 EL\u00c9CTRICA ALCATRAZ,MANZANILLA Y AZUCENA<\/a><\/li>\n<li><a href=\"https:\/\/purisimadelrincon.mx\/transparencia\/wp-content\/uploads\/009-AGUA-EN-AZUCENA-Y-AVES-DEL-PARAISO.pdf\">009 CONSTRUCCI\u00d3N DE RED DE AGUA POTABLE AZUCENA Y AVES DEL PARA\u00cdSO<\/a><\/li>\n<li><a href=\"https:\/\/purisimadelrincon.mx\/transparencia\/wp-content\/uploads\/010-GAVETAS-PANTEON-PURISIMA.pdf\">010 GAVETAS PANTE\u00d3N PUR\u00cdSIMA<\/a><\/li>\n<li><a href=\"https:\/\/purisimadelrincon.mx\/transparencia\/wp-content\/uploads\/011-GAVETAS-EN-JALPA-Y-CA\u00d1ADA-DE-NEGROS.pdf\">011 GAVETAS EN JALPA Y CA\u00d1ADA DE NEGROS<\/a><\/li>\n<li><a href=\"https:\/\/purisimadelrincon.mx\/transparencia\/wp-content\/uploads\/012-PROYECTO-MUSEOGRAFICO.pdf\">012 PROYECTO MUSEOGRAFICO<\/a><\/li>\n<li><a href=\"https:\/\/purisimadelrincon.mx\/transparencia\/wp-content\/uploads\/013-FORO-DE-LA-JUVENTUD-ALAMEDA.pdf\">013 FORO DE LA JUVENTUD ALAMEDA<\/a><\/li>\n<li><a href=\"https:\/\/purisimadelrincon.mx\/transparencia\/wp-content\/uploads\/014-ELECTRICA-EN-EL-TAMBOR.pdf\">014 EL\u00c9CTRICA EN EL TAMBOR<\/a><\/li>\n<li><a href=\"https:\/\/purisimadelrincon.mx\/transparencia\/wp-content\/uploads\/015-ELECTRICA-CA\u00d1ADA-DE-NEGROS.pdf\">015 EL\u00c9CTRICA CA\u00d1ADA DE NEGROS<\/a><\/li>\n<li><a href=\"https:\/\/purisimadelrincon.mx\/transparencia\/wp-content\/uploads\/016-AULA-EN-KINDER-CA\u00d1ADA-DE-SOTOS.pdf\">016 AULA EN KINDER CA\u00d1ADA DE SOTOS<\/a><\/li>\n<li><a href=\"https:\/\/purisimadelrincon.mx\/transparencia\/wp-content\/uploads\/017-COMEDORES-Y-BARDA-PERIMETRAL-ALAMEDA.pdf\">017 COMEDORES Y BARDA PERIMETRAL ALAMEDA<\/a><\/li>\n<li><a href=\"https:\/\/purisimadelrincon.mx\/transparencia\/wp-content\/uploads\/018-electrica-potrerillos.pdf\">018 EL\u00c9CTRICA POTRERILLOS<\/a><\/li>\n<li><a href=\"https:\/\/purisimadelrincon.mx\/transparencia\/wp-content\/uploads\/019-ELECTRICA-LAS-AGUILILLAS.pdf\">019 EL\u00c9CTRICA LAS AGUILILLAS<\/a><\/li>\n<li><a href=\"https:\/\/purisimadelrincon.mx\/transparencia\/wp-content\/uploads\/020-ELECTRICA-LOS-LAURELES.pdf\">020 EL\u00c9CTRICA LOS LAURELES<\/a><\/li>\n<li><a href=\"https:\/\/purisimadelrincon.mx\/transparencia\/wp-content\/uploads\/021-ELECTRICA-CETAC.pdf\">021 EL\u00c9CTRICA CETAC<\/a><\/li>\n<li><a href=\"https:\/\/purisimadelrincon.mx\/transparencia\/wp-content\/uploads\/022-CUARTO-DORMITORIO-LOMA-EJIDAL.pdf\">022 CUARTO DORMITORIO LOMA EJIDAL<\/a><\/li>\n<li><a href=\"https:\/\/purisimadelrincon.mx\/transparencia\/wp-content\/uploads\/023-SACA-COSECHAS.pdf\">023 SACA COSECHAS<\/a><\/li>\n<li><a href=\"https:\/\/purisimadelrincon.mx\/transparencia\/wp-content\/uploads\/024-CENTRO-IMPULSO.pdf\">024 CENTRO IMPULSO<\/a><\/li>\n<li><a href=\"https:\/\/purisimadelrincon.mx\/transparencia\/wp-content\/uploads\/025-CUARTO-DORMITORIO-EN-LOMA-DE-OBRAJEROS.pdf\">025 CUARTO DORMITORIO EN LOMA DE OBRAJEROS<\/a><\/li>\n<li><a href=\"https:\/\/purisimadelrincon.mx\/transparencia\/wp-content\/uploads\/026-CUARTO-DORMITORIO-EL-REFUGIO.pdf\">026 CUARTO DORMITORIO EL REFUGIO<\/a><\/li>\n<li><a href=\"https:\/\/purisimadelrincon.mx\/transparencia\/wp-content\/uploads\/027-AGUA-POTABLE-EN-LOS-MILAGROS.pdf\">027 LOS MILAGROS<\/a><\/li>\n<li><a href=\"https:\/\/purisimadelrincon.mx\/transparencia\/wp-content\/uploads\/028-AGUA-POTABLE-EN-AMPLIACION-DEL-CARMEN.pdf\">028 AGUA POTABLE EN AMPLIACI\u00d3N DEL CARMEN<\/a><\/li>\n<li><a href=\"https:\/\/purisimadelrincon.mx\/transparencia\/wp-content\/uploads\/029-ATARJEAS-EN-AMPLIACION-DEL-CARMEN.pdf\">029 ATARJEAS EN AMPLIACI\u00d3N DEL CARMEN<\/a><\/li>\n<li><a href=\"https:\/\/purisimadelrincon.mx\/transparencia\/wp-content\/uploads\/030-CUARTO-DORMITORIO-MONTE-GRANDE.pdf\">030 CUARTO DORMITORIO MONTE GRANDE<\/a><\/li>\n<li><a href=\"https:\/\/purisimadelrincon.mx\/transparencia\/wp-content\/uploads\/031-TECHO-DIGNO-EN-PURISIMA.pdf\">031 TECHO DIGNO EN PUR\u00cdSIMA<\/a><\/li>\n<li><a href=\"https:\/\/purisimadelrincon.mx\/transparencia\/wp-content\/uploads\/032-ELECTRICA-EN-CERRITOS.pdf\">032 EL\u00c9CTRICA EN CERRITOS<\/a><\/li>\n<li><a href=\"https:\/\/purisimadelrincon.mx\/transparencia\/wp-content\/uploads\/033-ELECTRICA-CENTRO-IMPULSO.pdf\">033 EL\u00c9CTRICA CENTRO IMPULSO<\/a><\/li>\n<li><a href=\"https:\/\/purisimadelrincon.mx\/transparencia\/wp-content\/uploads\/034-DRENAJE-CERRITOS-Y-DOLORES.pdf\">034 DRENAJE CERRITOS Y DOLORES<\/a><\/li>\n<li><a href=\"https:\/\/purisimadelrincon.mx\/transparencia\/wp-content\/uploads\/035-ELECTRICA-LA-CINTILLA.pdf\">035 EL\u00c9CTRICA LA CINTILLA<\/a><\/li>\n<li><a href=\"https:\/\/purisimadelrincon.mx\/transparencia\/wp-content\/uploads\/036-SUBTERRANEA-EMILIZANO-ZAPATA.pdf\">036 SUBTERR\u00c1NEA EMILIANO ZAPATA<\/a><\/li>\n<li><a href=\"https:\/\/purisimadelrincon.mx\/transparencia\/wp-content\/uploads\/037-ELECTRICA-EN-EL-COCONO.pdf\">037 EL\u00c9CTRICA EN EL COCONO<\/a><\/li>\n<li><a href=\"https:\/\/purisimadelrincon.mx\/transparencia\/wp-content\/uploads\/038-TECHO-DIGNO-EN-ALAMOS-DEL-RIO.pdf\">038 TECHO DIGNO EN ALAMOS DEL RIO<\/a><\/li>\n<li><a href=\"https:\/\/purisimadelrincon.mx\/transparencia\/wp-content\/uploads\/039-CARPETA-ASFALTICA-SAN-ANGEL.pdf\">039 CARPETA ASF\u00c1LTICA SAN ANGEL<\/a><\/li>\n<li><a href=\"http:\/\/purisimadelrincon.mx\/tr\">040 EL\u00c9CTRICA CALLE \u00c1LAMO<\/a><\/li>\n<li><a href=\"http:\/\/purisimadelrincon.mx\/tr\">041 EL\u00c9CTRICA EN CALLE CUAUHT\u00c9MOC<\/a><\/li>\n<li><a href=\"https:\/\/purisimadelrincon.mx\/transparencia\/wp-content\/uploads\/042-LINEA-Y-POSTE-CALLE-FUEGO.pdf\">042 LINEA Y POSTE CALLE FUEGO<\/a><\/li>\n<li><a href=\"https:\/\/purisimadelrincon.mx\/transparencia\/wp-content\/uploads\/043-CARPETA-ASFALTICA-LA-DESCUBRIDORA.pdf\">043 CARPETA ASF\u00c1LTICA LA DESCUBRIDORA<\/a><\/li>\n<li><a href=\"https:\/\/purisimadelrincon.mx\/transparencia\/wp-content\/uploads\/044-CARPETA-ASFALTICA-SAN-FERNANDO.pdf\">044 CARPETA ASF\u00c1LTICA SAN FERNANDO<\/a><\/li>\n<li><a href=\"https:\/\/purisimadelrincon.mx\/transparencia\/wp-content\/uploads\/045-FRANCISCO-VILLA.pdf\">045 FRANCISCO VILLA<\/a><\/li>\n<li><a href=\"https:\/\/purisimadelrincon.mx\/transparencia\/wp-content\/uploads\/046-CARCAMO-DE-CA\u00d1ADA.pdf\">046 C\u00c1RCAMO DE CA\u00d1ADA<\/a><\/li>\n<li><a href=\"https:\/\/purisimadelrincon.mx\/transparencia\/wp-content\/uploads\/047-BA\u00d1OS-EN-MERCADO-MUNICIPAL.pdf\">047 BA\u00d1OS EN MERCADO MUNICIPAL<\/a><\/li>\n<li><a href=\"https:\/\/purisimadelrincon.mx\/transparencia\/wp-content\/uploads\/048-PAVIMENTACION-CALLE-PLANETA.pdf\">048 PAVIMENTACI\u00d3N CALLE PLANETA<\/a><\/li>\n<li><a href=\"https:\/\/purisimadelrincon.mx\/transparencia\/wp-content\/uploads\/050-PAVIMENTACION-CUAUHTEMOC.pdf\">049 PAVIMENTACI\u00d3N COZUMEL<\/a><\/li>\n<li><a href=\"https:\/\/purisimadelrincon.mx\/transparencia\/wp-content\/uploads\/050-PAVIMENTACION-CUAUHTEMOC.pdf\">050 PAVIMENTACI\u00d3N CUAUHT\u00c9MOC<\/a><\/li>\n<li><a href=\"https:\/\/purisimadelrincon.mx\/transparencia\/wp-content\/uploads\/051-CICLOVIA-SAN-BERNARDO.pdf\">051 CICLOV\u00cdA SAN BERNARDO<\/a><\/li>\n<li><a href=\"https:\/\/purisimadelrincon.mx\/transparencia\/wp-content\/uploads\/052-ATARJEAS-EN-LA-MINA.pdf\">052 ATARJEAS EN LA MINA<\/a><\/li>\n<li>053<\/li>\n<li><a href=\"https:\/\/purisimadelrincon.mx\/transparencia\/wp-content\/uploads\/054-pavimentacion-calle-5-esquinas.pdf\">054 PAVIMENTACI\u00d3N CALLE 5 ESQUINAS<\/a><\/li>\n<li><a href=\"https:\/\/purisimadelrincon.mx\/transparencia\/wp-content\/uploads\/055-PAVIMENTACION-CALLE-GIRASOLES.pdf\">055 PAVIMENTACI\u00d3N CALLE GIRASOLES<\/a><\/li>\n<li><a href=\"https:\/\/purisimadelrincon.mx\/transparencia\/wp-content\/uploads\/056-PAVIMENTACION-DE-CALLE-SAN-FRANCISCO.pdf\">056 PAVIMENTACI\u00d3N DE CALLE SAN FRANCISCO<\/a><\/li>\n<li><a href=\"https:\/\/purisimadelrincon.mx\/transparencia\/wp-content\/uploads\/057-PAVIMENTACION-DE-CALLE-ALAMO.pdf\">057 PAVIMENTACI\u00d3N DE CALLE \u00c1LAMO<\/a><\/li>\n<li><a href=\"https:\/\/purisimadelrincon.mx\/transparencia\/wp-content\/uploads\/058-ATARJEAS-EN-SAN-JOSE-DE-LA-PRESA.pdf\">058 ATARJEAS EN SAN JOS\u00c9 DE LA PRESA<\/a><\/li>\n<li><a href=\"https:\/\/purisimadelrincon.mx\/transparencia\/wp-content\/uploads\/059-AGUA-POTABLE-EN-SAN-JOSE-DE-LA-PRESA.pdf\">059 AGUA POTABLE EN SAN JOS\u00c9 DE LA PRESA<\/a><\/li>\n<li><a href=\"https:\/\/purisimadelrincon.mx\/transparencia\/wp-content\/uploads\/061-CUARTOS-DORMITORIOS.pdf\">061 CUARTOS DORMITORIOS<\/a><\/li>\n<li><a href=\"https:\/\/purisimadelrincon.mx\/transparencia\/wp-content\/uploads\/062-CENTRO-IMPULSO-SAN-SILVESTRE.pdf\">062 CENTRO IMPULSO SAN SILVESTRE<\/a><\/li>\n<li><a href=\"https:\/\/purisimadelrincon.mx\/transparencia\/wp-content\/uploads\/063-CUARTOS-DORMITORIOS.pdf\">063 CUARTOS DORMITORIOS<\/a><\/li>\n<li><a href=\"https:\/\/purisimadelrincon.mx\/transparencia\/wp-content\/uploads\/064-TECHOS.pdf\">064 TECHOS<\/a><\/li>\n<li><a href=\"https:\/\/purisimadelrincon.mx\/transparencia\/wp-content\/uploads\/065-TECHOS.pdf\">065 TECHOS<\/a><\/li>\n<li><a href=\"https:\/\/purisimadelrincon.mx\/transparencia\/wp-content\/uploads\/066-8VA.-ETAPA-JALPA-DE-CANOVAS.pdf\">066 OCTAVA ETAPA JALPA DE CANOVAS<\/a><\/li>\n<li><a href=\"https:\/\/purisimadelrincon.mx\/transparencia\/wp-content\/uploads\/067-EQUIPAMIENTO-CENTRO-IMPULSO-GUANAJUATITO.pdf\">067 EQUIPAMIENTO CENTRO IMPULSO GUANAJUATITO<\/a><\/li>\n<li><a href=\"https:\/\/purisimadelrincon.mx\/transparencia\/wp-content\/uploads\/068-GRADAS-EN-CANCHA-DE-CACHIBOL.pdf\">068 GRADAS EN CANCHA DE CACHIBOL<\/a><\/li>\n<li><a href=\"https:\/\/purisimadelrincon.mx\/transparencia\/wp-content\/uploads\/069-TRABAJOS-COMPLEMENTARIOS-EN-EL-ECOPARQUE.pdf\">069 TRABAJOS COMPLEMENTARIOS EN EL ECOPARQUE<\/a><\/li>\n<li><a href=\"https:\/\/purisimadelrincon.mx\/transparencia\/wp-content\/uploads\/070-PAVIEMNTACION-CALLE-LERDO-DE-TEJADA.pdf\">070 PAVIMENTACI\u00d3N EN CALLE LERDO DE TEJADA<\/a><\/li>\n<li><a href=\"https:\/\/purisimadelrincon.mx\/transparencia\/wp-content\/uploads\/071-AGUA-POTABLE-EN-PUERTO-DE-GUAYMAS.pdf\">071 AGUA POTABLE EN PUERTO DE GUAYMAS<\/a><\/li>\n<li><a href=\"https:\/\/purisimadelrincon.mx\/transparencia\/wp-content\/uploads\/072-CONCRETO-ESTAMPADO-ALDAMA.pdf\">072 CONCRETO ESTAMPADO ALDAMA<\/a><\/li>\n<li><a href=\"https:\/\/purisimadelrincon.mx\/transparencia\/wp-content\/uploads\/075-PAV.-CALLE-JOSEFA.pdf\">075 PAVIMENTACI\u00d3N EN CALLE JOSEFA<\/a><\/li>\n<li><a href=\"https:\/\/purisimadelrincon.mx\/transparencia\/wp-content\/uploads\/076-TRABAJOS-COMPLEMENTARIOS-EN-EL-CENTRO-DE-CIENCIAS-DEL-ECOPARQUE.pdf\">076 TRABAJOS COMPLEMENTARIOS EN EL CENTRO DE CIENCIAS DEL ECOPARQUE<\/a><\/li>\n<\/ul>\n","protected":false},"excerpt":{"rendered":"<p>001 ALUMBRADO EN EL PEDERNAL 002 DRENAJE SANITARIO ANENECUILCO 003 CAMINO AL SAUCILLO 004 CAMINO TECOLOTE A PUERTA DE JALPA 005 PAVIMENTACI\u00d3N CALLE AZUCENA 006\u00a0 EL\u00c9CTRICA OBELISCO 007 EL\u00c9CTRICA RUBEN JARAMILLO 008 EL\u00c9CTRICA ALCATRAZ,MANZANILLA Y AZUCENA 009 CONSTRUCCI\u00d3N DE RED <a class=\"more-link\" href=\"https:\/\/purisimadelrincon.mx\/transparencia\/xxviii-relacion-de-contratos-2019\/\">Seguir leyendo <span class=\"screen-reader-text\">  XXVIII. Relaci\u00f3n de Contratos 2019<\/span><span class=\"meta-nav\">&rarr;<\/span><\/a><\/p>\n","protected":false},"author":2,"featured_media":0,"parent":0,"menu_order":0,"comment_status":"closed","ping_status":"closed","template":"","meta":{"footnotes":""},"class_list":["post-7105","page","type-page","status-publish","hentry"],"_links":{"self":[{"href":"https:\/\/purisimadelrincon.mx\/transparencia\/wp-json\/wp\/v2\/pages\/7105","targetHints":{"allow":["GET"]}}],"collection":[{"href":"https:\/\/purisimadelrincon.mx\/transparencia\/wp-json\/wp\/v2\/pages"}],"about":[{"href":"https:\/\/purisimadelrincon.mx\/transparencia\/wp-json\/wp\/v2\/types\/page"}],"author":[{"embeddable":true,"href":"https:\/\/purisimadelrincon.mx\/transparencia\/wp-json\/wp\/v2\/users\/2"}],"replies":[{"embeddable":true,"href":"https:\/\/purisimadelrincon.mx\/transparencia\/wp-json\/wp\/v2\/comments?post=7105"}],"version-history":[{"count":10,"href":"https:\/\/purisimadelrincon.mx\/transparencia\/wp-json\/wp\/v2\/pages\/7105\/revisions"}],"predecessor-version":[{"id":7576,"href":"https:\/\/purisimadelrincon.mx\/transparencia\/wp-json\/wp\/v2\/pages\/7105\/revisions\/7576"}],"wp:attachment":[{"href":"https:\/\/purisimadelrincon.mx\/transparencia\/wp-json\/wp\/v2\/media?parent=7105"}],"curies":[{"name":"wp","href":"https:\/\/api.w.org\/{rel}","templated":true}]}}