{"id":7963,"date":"2021-10-25T14:24:15","date_gmt":"2021-10-25T14:24:15","guid":{"rendered":"http:\/\/purisimadelrincon.mx\/transparencia\/?page_id=7963"},"modified":"2026-04-29T15:58:44","modified_gmt":"2026-04-29T15:58:44","slug":"disposiciones-administrativas","status":"publish","type":"page","link":"https:\/\/purisimadelrincon.mx\/transparencia\/disposiciones-administrativas\/","title":{"rendered":"Disposiciones Administrativas"},"content":{"rendered":"<p><!--StartFragment--><\/p>\n<ul>\n<li style=\"text-align: left;\">PDF <a href=\"https:\/\/purisimadelrincon.mx\/transparencia\/wp-content\/uploads\/PO_75_2_Parte_15-ABRIL-2026.pdf\">Administrativas de Recaudaci\u00f3n que contienen las tarifas de cobro por productos y aprovechamientos para el Sistema para el Desarrollo Integral de la Familia del Municipio de Pur\u00edsima del Rinc\u00f3n, Guanajuato<\/a><\/li>\n<li>PDF <a href=\"https:\/\/purisimadelrincon.mx\/transparencia\/wp-content\/uploads\/PO_259_2_Parte_29-DICIEMBRE-2025.pdf\">Disposiciones Administrativas de Recaudaci\u00f3n para el Municipio de Pur\u00edsima del Rinc\u00f3n, Guanajuato para el ejercicio Fiscal 2026<\/a><\/li>\n<li>PDF <a href=\"https:\/\/purisimadelrincon.mx\/transparencia\/wp-content\/uploads\/MODIFICACION-A-DISPOSICIONES.pdf\">Disposiciones administrativas de Recaudaci\u00f3n para el Municipio de Pur\u00edsima del Rinc\u00f3n, Guanajuato para el ejercicio Fiscal 2025<\/a><\/li>\n<li>PDF <a href=\"https:\/\/purisimadelrincon.mx\/transparencia\/wp-content\/uploads\/Disposiciones-administrativas-de-recaudacion-para-el-municipio.pdf\">Disposiciones administrativas de recaudaci\u00f3n para el municipio<\/a><\/li>\n<li>PDF <a href=\"https:\/\/purisimadelrincon.mx\/transparencia\/wp-content\/uploads\/16983.pdf\">Disposiciones Administrativas para el Ejercicio de los Recursos de la partida de gastos de Transici\u00f3n de la Administraci\u00f3n P\u00fablica Municipal de Pur\u00edsima del Rinc\u00f3n, Guanajuato.<\/a><\/li>\n<li>PDF <a href=\"https:\/\/purisimadelrincon.mx\/transparencia\/wp-content\/uploads\/ACUERDO-DE-AYUNTAMIENTO-QUE-ADICIONA-AL-ARTICULO-17-A-LAS-DISPOSICIONES-ADMINISTRATIVAS-DE-LAS-PRESTACIONES-DE-LOS-CUERPOS-DE-SEGURIDAD-PUBLICA.pdf\">Acuerdo de Ayuntamiento que adiciona al Art 17 a las Disposiciones Administrativas de las prestaciones de los cuerpos de Seguridad P\u00fablica<\/a> Reforma<\/li>\n<li>PDF <a href=\"https:\/\/purisimadelrincon.mx\/transparencia\/wp-content\/uploads\/DISPOSICIONES-ADMINISTRATIVAS-QUE-CONTIENEN-EL-COBRO-POR-USO-O-GOCE-DE-ESPACIOS-PARA-COMERCIO-ENTRADA-Y-ESTACIONAMIENTO-EN-LAS-INSTALACIONES-DE-LA-FERIA-2024.pdf\">Disposiciones Administrativas que contienen el cobro por uso o goce de espacios para comercio, entrada y estacionamiento en las instalaciones de la Feria 2024<\/a><\/li>\n<li>PDF <a href=\"https:\/\/purisimadelrincon.mx\/transparencia\/wp-content\/uploads\/PO-188-21092021-47-49.pdf\">Disposiciones Administrativas de Observancia General que contienen las Tarifas de Cobro por Uso o Goce de Espacios para Comercio, Entrada y Estacionamiento en las Instalaciones de la Feria para el per\u00edodo Octubre 2021 en el municipio de Pur\u00edsima del Rinc\u00f3n, Gto.<\/a><\/li>\n<li>PDF <a href=\"https:\/\/purisimadelrincon.mx\/transparencia\/wp-content\/uploads\/PO-179-08092021-50-53.pdf\">Disposiciones Administrativas para el Ejercicio de los Recursos de la Partida de Gastos de Transici\u00f3n de la Administraci\u00f3n P\u00fablica Municipal de Pur\u00edsima del Rinc\u00f3n, Gto.<\/a><\/li>\n<li>PDF <a href=\"https:\/\/purisimadelrincon.mx\/transparencia\/wp-content\/uploads\/PO-139_2daP_20210714-modif-art4-disp-admvas.pdf\">Disposiciones Administrativas para Otorgar la Prestaci\u00f3n a favor de los Trabajadores de Confianza al t\u00e9rmino de la Relaci\u00f3n Laboral con el Municipio de Pur\u00edsima del Rinc\u00f3n, Gto.<\/a><\/li>\n<li>PDF <a href=\"https:\/\/purisimadelrincon.mx\/transparencia\/wp-content\/uploads\/PO-130-30062020-26-31.pdf\">Disposiciones Administrativas de Observancia General para la Condonaci\u00f3n de Cr\u00e9ditos Fiscales para el Municipio de Pur\u00edsima del Rinc\u00f3n, Gto.<\/a><\/li>\n<li>PDF <a href=\"https:\/\/purisimadelrincon.mx\/transparencia\/wp-content\/uploads\/PO-87-30042020-88-92.pdf\">Disposiciones Administrativas de Observancia General para la Condonaci\u00f3n de Cr\u00e9ditos Fiscales para el Municipio de Pur\u00edsima del Rinc\u00f3n, Gto.<\/a><\/li>\n<li>PDF <a href=\"https:\/\/purisimadelrincon.mx\/transparencia\/wp-content\/uploads\/PO-57-22032021-193-203.pdf\">Disposiciones Administrativas para regular las prestaciones por los servicios de los cuerpos de Seguridad P\u00fablica, Tr\u00e1nsito y Transporte del Municipio de Pur\u00edsima del Rinc\u00f3n, Gto.<\/a><\/li>\n<li>PDF <a href=\"https:\/\/purisimadelrincon.mx\/transparencia\/wp-content\/uploads\/PO-18-26012021-134-138.pdf\">Disposiciones Administrativas para Otorgar la Prestaci\u00f3n a favor de los Trabajadores de Confianza al t\u00e9rmino de la Relaci\u00f3n Laboral con el Municipio de Pur\u00edsima del Rinc\u00f3n, Gto.<\/a> Reforma<\/li>\n<li>PDF <a href=\"https:\/\/purisimadelrincon.mx\/transparencia\/wp-content\/uploads\/ACUERDO-DE-ADICION-AL-ARTICULO-4-DE-LAS-DISPOSICIONES-ADMINISTRATIVAS-PARA-OTORGAR-PRESTACION-A-LOS-TRABAJADORES-DE-CONFIANZA-..pdf\">Acuerdo de adici\u00f3n al art\u00edculo 4 de las disposiciones administrativas para otorgar prestaci\u00f3n a los trabajadores de confianza.<\/a><\/li>\n<li>PDF <a href=\"https:\/\/purisimadelrincon.mx\/transparencia\/wp-content\/uploads\/PO-10-2da-Parte_20200114_1528_10-Disposiciones.pdf\">Disposiciones Administrativas de Recaudaci\u00f3n para el Municipio de Pur\u00edsima del Rinc\u00f3n, Guanajuato, para el Ejercicio Fiscal 2020.<\/a><\/li>\n<li>PDF <a href=\"https:\/\/purisimadelrincon.mx\/transparencia\/wp-content\/uploads\/PO_260_3ra_Disposiciones2019.pdf\">Disposiciones Administrativas de Recaudaci\u00f3n para el Municipio de Pur\u00edsima del Rinc\u00f3n, Guanajuato, para el Ejercicio Fiscal 2019.<\/a><\/li>\n<li>PDF <a href=\"https:\/\/purisimadelrincon.mx\/transparencia\/wp-content\/uploads\/PO-199-2da_20171116.pdf\">Disposiciones Administrativas de Recaudaci\u00f3n para el Municipio de Pur\u00edsima del Rinc\u00f3n, Guanajuato, para el Ejercicio Fiscal 2018<\/a>.<\/li>\n<li>PDF <a href=\"https:\/\/purisimadelrincon.mx\/transparencia\/wp-content\/uploads\/PO_201_4ta_Parte_20161216_2242_7.pdf\" target=\"_blank\" rel=\"noopener\">Disposiciones Administrativas de Recaudaci\u00f3n para el Municipio de Purisima del Rinc\u00f3n, Gto., para el Ejercicio Fiscal 2017.<\/a><\/li>\n<li>PDF <a href=\"https:\/\/purisimadelrincon.mx\/transparencia\/wp-content\/uploads\/2016-Disp-admvas-recaud-206_2da_Parte.pdf\" target=\"_blank\" rel=\"noopener\">Disposiciones Administrativas de Recaudaci\u00f3n para el Municipio de Pur\u00edsima del Rinc\u00f3n, Gto., a partir del 2016.<\/a><\/li>\n<li>PDF <a href=\"https:\/\/purisimadelrincon.mx\/transparencia\/wp-content\/uploads\/Disposiciones_admvas_2015.pdf\" target=\"_blank\" rel=\"noopener\">Disposiciones Administrativas de Recaudaci\u00f3n para el Municipio de Pur\u00edsima del Rinc\u00f3n, Gto., a partir del 2015.<\/a><\/li>\n<li>PDF <a href=\"https:\/\/purisimadelrincon.mx\/transparencia\/wp-content\/uploads\/2014\/04\/modifDisposiciones2014.pdfttp:\/\/\" target=\"_blank\" rel=\"noopener\">Modificaci\u00f3n a las Disposiciones administrativas de recaudaci\u00f3n para el Municipio de Pur\u00edsima del Rinc\u00f3n, Gto., 2014.<\/a><\/li>\n<li>PDF <a href=\"https:\/\/purisimadelrincon.mx\/transparencia\/wp-content\/uploads\/2013\/12\/Disposiciones_admvas_recaudacion.pdf\" target=\"_blank\" rel=\"noopener\">Disposiciones Administrativas de Recaudaci\u00f3n para el Municipio de Pur\u00edsima del Rinc\u00f3n, Gto., a partir del 2014.<\/a><\/li>\n<li>PDF <a href=\"https:\/\/purisimadelrincon.mx\/transparencia\/wp-content\/uploads\/2012\/12\/DISPOSICIONES-ADMTIVAS-FERIA.pdf\" target=\"_blank\" rel=\"noopener\">Disposiciones Administrativas\u00a0de Observancia General que contienen las tarifas de cobro por renta de espacio para\u00a0comercio, entrada a la feria y estacionamiento para el periodo de la Feria Octubre\u00a02012 del Municipio de Pur\u00edsima del Rinc\u00f3n.<\/a><\/li>\n<li>PDF <a href=\"https:\/\/purisimadelrincon.mx\/transparencia\/wp-content\/uploads\/2013\/07\/DArecaudacion2013.pdf\" target=\"_blank\" rel=\"noopener\">Disposiciones Administrativas de Recaudaci\u00f3n para el Municipio de Pur\u00edsima del Rinc\u00f3n, Gto., Diciembre 2012<\/a><\/li>\n<li>PDF <a href=\"https:\/\/purisimadelrincon.mx\/transparencia\/wp-content\/uploads\/2012\/12\/DISPOSICIONES-ADMTIVAS.-TRABAJADORES-CONFIANZA.pdf\" target=\"_blank\" rel=\"noopener\">Disposiciones Administrativas para otorgar una prestaci\u00f3n a favor de los Trabajadores de Confianza al t\u00e9rmino de la relaci\u00f3n laboral con el Municipio de Pur\u00edsima del Rinc\u00f3n, Gto.<\/a><\/li>\n<\/ul>\n<p style=\"text-align: justify;\">\n","protected":false},"excerpt":{"rendered":"<p>PDF Administrativas de Recaudaci\u00f3n que contienen las tarifas de cobro por productos y aprovechamientos para el Sistema para el Desarrollo Integral de la Familia del Municipio de Pur\u00edsima del Rinc\u00f3n, Guanajuato PDF Disposiciones Administrativas de Recaudaci\u00f3n para el Municipio de <a class=\"more-link\" href=\"https:\/\/purisimadelrincon.mx\/transparencia\/disposiciones-administrativas\/\">Seguir leyendo <span class=\"screen-reader-text\">  Disposiciones Administrativas<\/span><span class=\"meta-nav\">&rarr;<\/span><\/a><\/p>\n","protected":false},"author":1,"featured_media":0,"parent":0,"menu_order":0,"comment_status":"closed","ping_status":"closed","template":"","meta":{"footnotes":""},"class_list":["post-7963","page","type-page","status-publish","hentry"],"_links":{"self":[{"href":"https:\/\/purisimadelrincon.mx\/transparencia\/wp-json\/wp\/v2\/pages\/7963","targetHints":{"allow":["GET"]}}],"collection":[{"href":"https:\/\/purisimadelrincon.mx\/transparencia\/wp-json\/wp\/v2\/pages"}],"about":[{"href":"https:\/\/purisimadelrincon.mx\/transparencia\/wp-json\/wp\/v2\/types\/page"}],"author":[{"embeddable":true,"href":"https:\/\/purisimadelrincon.mx\/transparencia\/wp-json\/wp\/v2\/users\/1"}],"replies":[{"embeddable":true,"href":"https:\/\/purisimadelrincon.mx\/transparencia\/wp-json\/wp\/v2\/comments?post=7963"}],"version-history":[{"count":15,"href":"https:\/\/purisimadelrincon.mx\/transparencia\/wp-json\/wp\/v2\/pages\/7963\/revisions"}],"predecessor-version":[{"id":22260,"href":"https:\/\/purisimadelrincon.mx\/transparencia\/wp-json\/wp\/v2\/pages\/7963\/revisions\/22260"}],"wp:attachment":[{"href":"https:\/\/purisimadelrincon.mx\/transparencia\/wp-json\/wp\/v2\/media?parent=7963"}],"curies":[{"name":"wp","href":"https:\/\/api.w.org\/{rel}","templated":true}]}}