{"id":8161,"date":"2021-10-26T19:58:50","date_gmt":"2021-10-26T19:58:50","guid":{"rendered":"http:\/\/purisimadelrincon.mx\/transparencia\/?page_id=8161"},"modified":"2021-11-29T19:05:44","modified_gmt":"2021-11-29T19:05:44","slug":"relacion-de-denuncias","status":"publish","type":"page","link":"https:\/\/purisimadelrincon.mx\/transparencia\/relacion-de-denuncias\/","title":{"rendered":"Relaci\u00f3n de denuncias"},"content":{"rendered":"<p><!--StartFragment--><\/p>\n<p><strong>Administraci\u00f3n 2021-2024<\/strong><br \/>Relaci\u00f3n de Denuncias por Incumplimiento a las Obligaciones de Transparencia<\/p>\n<p><strong>Administraci\u00f3n 2018-2021<\/strong><br \/><a href=\"https:\/\/purisimadelrincon.mx\/transparencia\/wp-content\/uploads\/Relacion-de-denuncias-18-21.xlsx\">Relaci\u00f3n de Denuncias por Incumplimiento a las Obligaciones de Transparencia<\/a><\/p>\n<p>\u00a0<\/p>\n\n\n<p><\/p>\n","protected":false},"excerpt":{"rendered":"<p>Administraci\u00f3n 2021-2024Relaci\u00f3n de Denuncias por Incumplimiento a las Obligaciones de Transparencia Administraci\u00f3n 2018-2021Relaci\u00f3n de Denuncias por Incumplimiento a las Obligaciones de Transparencia \u00a0<\/p>\n","protected":false},"author":1,"featured_media":0,"parent":0,"menu_order":0,"comment_status":"closed","ping_status":"closed","template":"","meta":{"footnotes":""},"class_list":["post-8161","page","type-page","status-publish","hentry"],"_links":{"self":[{"href":"https:\/\/purisimadelrincon.mx\/transparencia\/wp-json\/wp\/v2\/pages\/8161","targetHints":{"allow":["GET"]}}],"collection":[{"href":"https:\/\/purisimadelrincon.mx\/transparencia\/wp-json\/wp\/v2\/pages"}],"about":[{"href":"https:\/\/purisimadelrincon.mx\/transparencia\/wp-json\/wp\/v2\/types\/page"}],"author":[{"embeddable":true,"href":"https:\/\/purisimadelrincon.mx\/transparencia\/wp-json\/wp\/v2\/users\/1"}],"replies":[{"embeddable":true,"href":"https:\/\/purisimadelrincon.mx\/transparencia\/wp-json\/wp\/v2\/comments?post=8161"}],"version-history":[{"count":4,"href":"https:\/\/purisimadelrincon.mx\/transparencia\/wp-json\/wp\/v2\/pages\/8161\/revisions"}],"predecessor-version":[{"id":9873,"href":"https:\/\/purisimadelrincon.mx\/transparencia\/wp-json\/wp\/v2\/pages\/8161\/revisions\/9873"}],"wp:attachment":[{"href":"https:\/\/purisimadelrincon.mx\/transparencia\/wp-json\/wp\/v2\/media?parent=8161"}],"curies":[{"name":"wp","href":"https:\/\/api.w.org\/{rel}","templated":true}]}}