{"id":82,"date":"2012-10-18T14:27:42","date_gmt":"2012-10-18T14:27:42","guid":{"rendered":"http:\/\/localhost\/transparencia\/?page_id=82"},"modified":"2016-05-12T16:46:16","modified_gmt":"2016-05-12T16:46:16","slug":"que-es-la-unidad-de-acceso-a-la-informacion-publica","status":"publish","type":"page","link":"https:\/\/purisimadelrincon.mx\/transparencia\/que-es-la-unidad-de-acceso-a-la-informacion-publica\/","title":{"rendered":"\u00bfQu\u00e9 es la Unidad de Transparencia?"},"content":{"rendered":"<h2><\/h2>\n<p align=\"justify\">La Unidad de\u00a0<!--StartFragment-->Transparencia <!--EndFragment--> de Pur\u00edsima es el v\u00ednculo entre el municipio y el ciudadano y se encarga de dar tr\u00e1mite a las solicitudes de informaci\u00f3n en t\u00e9rminos de lo dispuesto en la Ley de Transparencia y Acceso a la Informaci\u00f3n P\u00fablica para el Estado y los Municipios de Guanajuato.<\/p>\n","protected":false},"excerpt":{"rendered":"<p>La Unidad de\u00a0Transparencia de Pur\u00edsima es el v\u00ednculo entre el municipio y el ciudadano y se encarga de dar tr\u00e1mite a las solicitudes de informaci\u00f3n en t\u00e9rminos de lo dispuesto en la Ley de Transparencia y Acceso a la Informaci\u00f3n <a class=\"more-link\" href=\"https:\/\/purisimadelrincon.mx\/transparencia\/que-es-la-unidad-de-acceso-a-la-informacion-publica\/\">Seguir leyendo <span class=\"screen-reader-text\">  \u00bfQu\u00e9 es la Unidad de Transparencia?<\/span><span class=\"meta-nav\">&rarr;<\/span><\/a><\/p>\n","protected":false},"author":1,"featured_media":0,"parent":0,"menu_order":0,"comment_status":"closed","ping_status":"closed","template":"","meta":{"footnotes":""},"class_list":["post-82","page","type-page","status-publish","hentry"],"_links":{"self":[{"href":"https:\/\/purisimadelrincon.mx\/transparencia\/wp-json\/wp\/v2\/pages\/82","targetHints":{"allow":["GET"]}}],"collection":[{"href":"https:\/\/purisimadelrincon.mx\/transparencia\/wp-json\/wp\/v2\/pages"}],"about":[{"href":"https:\/\/purisimadelrincon.mx\/transparencia\/wp-json\/wp\/v2\/types\/page"}],"author":[{"embeddable":true,"href":"https:\/\/purisimadelrincon.mx\/transparencia\/wp-json\/wp\/v2\/users\/1"}],"replies":[{"embeddable":true,"href":"https:\/\/purisimadelrincon.mx\/transparencia\/wp-json\/wp\/v2\/comments?post=82"}],"version-history":[{"count":4,"href":"https:\/\/purisimadelrincon.mx\/transparencia\/wp-json\/wp\/v2\/pages\/82\/revisions"}],"predecessor-version":[{"id":2891,"href":"https:\/\/purisimadelrincon.mx\/transparencia\/wp-json\/wp\/v2\/pages\/82\/revisions\/2891"}],"wp:attachment":[{"href":"https:\/\/purisimadelrincon.mx\/transparencia\/wp-json\/wp\/v2\/media?parent=82"}],"curies":[{"name":"wp","href":"https:\/\/api.w.org\/{rel}","templated":true}]}}